{"id":145,"date":"2019-08-31T13:51:30","date_gmt":"2019-08-31T13:51:30","guid":{"rendered":"http:\/\/localhost:8080\/wordpress\/?page_id=145"},"modified":"2025-11-13T15:25:15","modified_gmt":"2025-11-13T15:25:15","slug":"laisvos-darbo-vietos","status":"publish","type":"page","link":"https:\/\/www.ausros.vilniausr.lm.lt\/?page_id=145","title":{"rendered":"Darbo skelbimai"},"content":{"rendered":"\n<p><strong>Pareigyb\u0117:&nbsp;<\/strong>Psichologas<\/p>\n\n\n\n<p><strong>Etatas:<\/strong>&nbsp;0,5<\/p>\n\n\n\n<p><strong>Mokomosios \/ darbo kalbos:&nbsp;<\/strong>lietuvi\u0173<\/p>\n\n\n\n<p><strong>\u012edarbinimo data:<\/strong>&nbsp;prad\u0117ti dirbti i\u0161 karto<\/p>\n\n\n\n<hr class=\"wp-block-separator has-alpha-channel-opacity\"\/>\n\n\n\n<p>Atnaujinta: 2025-09-25<\/p>\n","protected":false},"excerpt":{"rendered":"<p>Pareigyb\u0117:&nbsp;Psichologas Etatas:&nbsp;0,5 Mokomosios \/ darbo kalbos:&nbsp;lietuvi\u0173 \u012edarbinimo data:&nbsp;prad\u0117ti dirbti i\u0161 karto Atnaujinta: 2025-09-25<\/p>\n","protected":false},"author":3,"featured_media":0,"parent":0,"menu_order":0,"comment_status":"closed","ping_status":"closed","template":"","meta":{"footnotes":""},"class_list":["post-145","page","type-page","status-publish","hentry"],"_links":{"self":[{"href":"https:\/\/www.ausros.vilniausr.lm.lt\/index.php?rest_route=\/wp\/v2\/pages\/145","targetHints":{"allow":["GET"]}}],"collection":[{"href":"https:\/\/www.ausros.vilniausr.lm.lt\/index.php?rest_route=\/wp\/v2\/pages"}],"about":[{"href":"https:\/\/www.ausros.vilniausr.lm.lt\/index.php?rest_route=\/wp\/v2\/types\/page"}],"author":[{"embeddable":true,"href":"https:\/\/www.ausros.vilniausr.lm.lt\/index.php?rest_route=\/wp\/v2\/users\/3"}],"replies":[{"embeddable":true,"href":"https:\/\/www.ausros.vilniausr.lm.lt\/index.php?rest_route=%2Fwp%2Fv2%2Fcomments&post=145"}],"version-history":[{"count":13,"href":"https:\/\/www.ausros.vilniausr.lm.lt\/index.php?rest_route=\/wp\/v2\/pages\/145\/revisions"}],"predecessor-version":[{"id":13002,"href":"https:\/\/www.ausros.vilniausr.lm.lt\/index.php?rest_route=\/wp\/v2\/pages\/145\/revisions\/13002"}],"wp:attachment":[{"href":"https:\/\/www.ausros.vilniausr.lm.lt\/index.php?rest_route=%2Fwp%2Fv2%2Fmedia&parent=145"}],"curies":[{"name":"wp","href":"https:\/\/api.w.org\/{rel}","templated":true}]}}