{"id":170,"date":"2019-09-10T05:13:59","date_gmt":"2019-09-10T05:13:59","guid":{"rendered":"http:\/\/localhost:8080\/wordpress\/?page_id=170"},"modified":"2019-09-30T20:57:45","modified_gmt":"2019-09-30T20:57:45","slug":"2-parama-gimnazijai","status":"publish","type":"page","link":"https:\/\/www.ausros.vilniausr.lm.lt\/?page_id=170","title":{"rendered":"2% parama gimnazijai"},"content":{"rendered":"\n<p>Informacija apie param\u0105 gimnazijai.<\/p>\n\n\n\n<h4 class=\"wp-block-heading\"><strong>D\u0117kojame visiems, jau skyrusiems param\u0105 gimnazijai!<\/strong><\/h4>\n\n\n\n<p>Kvie\u010diame mokini\u0173 t\u0117velius, gimnazijos darbuotojus ir visus, neabejingus gimnazijos gerovei, pasinaudoti proga ir 2019 metais v\u0117l paremti m\u016bs\u0173 gimnazij\u0105.\u00a0J\u016bs\u0173 paskirta parama bus i\u0161skai\u010diuota i\u0161 praeitais metais valstybei jau sumok\u0117t\u0173 mokes\u010di\u0173 ir pervesta \u012f gimnazijos s\u0105skait\u0105.<\/p>\n\n\n\n<p>Jums nutarus 2% savo pajam\u0173 mokes\u010dio skirti gimnazijai, reikia u\u017epildyti special\u0173 formos FR0512 pra\u0161ym\u0105. Tai galite padaryti keliais b\u016bdais:<\/p>\n\n\n\n<p>PIRMAS B\u016aDAS.&nbsp;Atsisi\u0173skite i\u0161 Valstybin\u0117s mokes\u010di\u0173 inspekcijos svetain\u0117s (<a href=\"http:\/\/www.vmi.lt\/\" target=\"_blank\" rel=\"noreferrer noopener\">www.vmi.lt<\/a>) form\u0105 FR0512 ir atsispausdinkite j\u0105.<\/p>\n\n\n\n<ol class=\"wp-block-list\"><li>Formos vir\u0161uje spausdintin\u0117mis raid\u0117mis \u012fra\u0161ykite savo vard\u0105, pavard\u0119, asmens kod\u0105, gyvenam\u0105j\u0105 viet\u0105, el.pa\u0161t\u0105 ir telefon\u0105.<\/li><li>\u012era\u0161ykite pildymo dat\u0105, pa\u017eym\u0117kite, kad forma yra pirmin\u0117, pa\u017eym\u0117kite mokestin\u012f laikotarp\u012f ir nurodykite, kiek procent\u0173 (2 ar 1) skiriate. \u012era\u0161ykite gimnazijos duomenis. Banko duomen\u0173 pildyti nereikia.<\/li><li>Formos apa\u010dioje pasira\u0161ykite, \u012fra\u0161ykite savo vard\u0105 ir pavard\u0119.<\/li><li>U\u017epildyt\u0105 pra\u0161ym\u0105 perduokite klas\u0117s aukl\u0117tojai.<\/li><\/ol>\n\n\n\n<p>ANTRAS B\u016aDAS.&nbsp;Jeigu J\u016bs naudojat\u0117s internetine bankininkyste, galite u\u017epildyti ir i\u0161si\u0173sti 2 % form\u0105 FR0512 internetu:<\/p>\n\n\n\n<ol class=\"wp-block-list\"><li>\u012eeikite \u012f savo internetin\u012f bank\u0105 ir pasirinkite elektronin\u012f deklaravim\u0105. Bankas Jums atidarys Valstybin\u0117s mokes\u010di\u0173 inspekcijos svetain\u0119.<\/li><li>Atidarykite ir u\u017epildykite form\u0105 FR0512, v.1. Visos pildymo instrukcijos i\u0161samiai paai\u0161kintos.<\/li><\/ol>\n","protected":false},"excerpt":{"rendered":"<p>Informacija apie param\u0105 gimnazijai. D\u0117kojame visiems, jau skyrusiems param\u0105 gimnazijai! Kvie\u010diame mokini\u0173 t\u0117velius, gimnazijos darbuotojus ir visus, neabejingus gimnazijos gerovei, pasinaudoti proga ir 2019 metais v\u0117l paremti m\u016bs\u0173 gimnazij\u0105.\u00a0J\u016bs\u0173 paskirta parama bus i\u0161skai\u010diuota i\u0161 praeitais metais valstybei jau sumok\u0117t\u0173 mokes\u010di\u0173 <a href=\"https:\/\/www.ausros.vilniausr.lm.lt\/?page_id=170\" class=\"read-more\">Daugiau &#8230;<\/a><\/p>\n","protected":false},"author":3,"featured_media":0,"parent":0,"menu_order":0,"comment_status":"closed","ping_status":"closed","template":"","meta":{"footnotes":""},"class_list":["post-170","page","type-page","status-publish","hentry"],"_links":{"self":[{"href":"https:\/\/www.ausros.vilniausr.lm.lt\/index.php?rest_route=\/wp\/v2\/pages\/170","targetHints":{"allow":["GET"]}}],"collection":[{"href":"https:\/\/www.ausros.vilniausr.lm.lt\/index.php?rest_route=\/wp\/v2\/pages"}],"about":[{"href":"https:\/\/www.ausros.vilniausr.lm.lt\/index.php?rest_route=\/wp\/v2\/types\/page"}],"author":[{"embeddable":true,"href":"https:\/\/www.ausros.vilniausr.lm.lt\/index.php?rest_route=\/wp\/v2\/users\/3"}],"replies":[{"embeddable":true,"href":"https:\/\/www.ausros.vilniausr.lm.lt\/index.php?rest_route=%2Fwp%2Fv2%2Fcomments&post=170"}],"version-history":[{"count":4,"href":"https:\/\/www.ausros.vilniausr.lm.lt\/index.php?rest_route=\/wp\/v2\/pages\/170\/revisions"}],"predecessor-version":[{"id":6037,"href":"https:\/\/www.ausros.vilniausr.lm.lt\/index.php?rest_route=\/wp\/v2\/pages\/170\/revisions\/6037"}],"wp:attachment":[{"href":"https:\/\/www.ausros.vilniausr.lm.lt\/index.php?rest_route=%2Fwp%2Fv2%2Fmedia&parent=170"}],"curies":[{"name":"wp","href":"https:\/\/api.w.org\/{rel}","templated":true}]}}