{"id":226,"date":"2019-09-30T18:53:07","date_gmt":"2019-09-30T18:53:07","guid":{"rendered":"http:\/\/localhost:8080\/wordpress\/?page_id=226"},"modified":"2025-10-08T07:24:12","modified_gmt":"2025-10-08T07:24:12","slug":"mokiniu-taryba","status":"publish","type":"page","link":"https:\/\/www.ausros.vilniausr.lm.lt\/?page_id=226","title":{"rendered":"Mokini\u0173 taryba"},"content":{"rendered":"\n<p class=\"has-text-align-center\"><strong>MOKINI\u0172 TARYBA 2025-2026 M.M.<\/strong><\/p>\n\n\n\n<p>Eligijus \u017dydelis (II G kl.) \u2013 pirmininkas.<\/p>\n\n\n\n<p>Aust\u0117ja Puga\u010diovait\u0117 (I G kl.) \u2013 pirmininko pavaduotoja.<\/p>\n\n\n\n<p><strong>Nariai:<\/strong><\/p>\n\n\n\n<p>Monika Gabrilevskaja (I G kl.)&nbsp; &#8211; atsakinga u\u017e visuomenin\u0119 veikl\u0105.<\/p>\n\n\n\n<p>Adriana Truk\u0161ina (I G kl.) \u2013 atsakinga u\u017e kult\u016brin\u0119-menin\u0119 veikl\u0105.<\/p>\n\n\n\n<p>Dominykas Gabrilevskij (II G kl.) \u2013 atsakingas u\u017e kult\u016brin\u0119-menin\u0119 veikl\u0105.<\/p>\n\n\n\n<p><strong>Klasi\u0173 atstovai:<\/strong><\/p>\n\n\n\n<p>5 kl.: Augustin Marcinkevi\u010d, Hubertas Petrulis<\/p>\n\n\n\n<p>6 kl.: Ariana Berniukevi\u010d, Nika Glotko, Milita Andri\u0161kevi\u010di\u016bt\u0117<\/p>\n\n\n\n<p>7 kl.: Klaidas Paulikas, Milana Stanulevi\u010d<\/p>\n\n\n\n<p>8 kl.:&nbsp; Kotryna Lapinskait\u0117, Airida Vil\u010dinskyt\u0117<\/p>\n\n\n\n<p><strong>&nbsp;&nbsp;&nbsp; Gimnazijos tarybos nariai:<\/strong><\/p>\n\n\n\n<p>Eligijus \u017dydelis (II G kl.)<\/p>\n\n\n\n<p>Kamil\u0117 Kazlauskait\u0117 (II G kl.)<\/p>\n\n\n\n<p>Aust\u0117ja Puga\u010diovait\u0117 (I G kl.)<\/p>\n\n\n\n<p><strong><a href=\"https:\/\/www.ausrosgimnazija.kalveliai.vilniausr.lm.lt\/wp-content\/uploads\/2022\/11\/MOKINIU-TARYBOS-NUOSTATAI.pdf\">Mokini\u0173 tarybos nuostatai<\/a><\/strong><\/p>\n\n\n\n<p><strong><a href=\"https:\/\/www.ausrosgimnazija.kalveliai.vilniausr.lm.lt\/wp-content\/uploads\/2025\/03\/2-3.pdf\">Mokini\u0173 tarybos veiklos planas<\/a><\/strong><\/p>\n\n\n\n<hr class=\"wp-block-separator has-alpha-channel-opacity\"\/>\n\n\n\n<h2 class=\"wp-block-heading\">Savanori\u0173 klubas<\/h2>\n\n\n\n<p><strong>Nariai:<\/strong><\/p>\n\n\n\n<p>Aleksandravi\u010di\u016bt\u0117 Ieva, II G kl.<\/p>\n\n\n\n<p>Ciunovi\u010d Salvija, II G kl.<\/p>\n\n\n\n<p>Chlebnikovas Dominykas, II G kl.<\/p>\n\n\n\n<p>Gabrylevskaja Monika, I G kl.<\/p>\n\n\n\n<p>Gabrylevskij Dominykas, II G kl.<\/p>\n\n\n\n<p>Juknevi\u010di\u016bt\u0117 Gabija, II G kl.<\/p>\n\n\n\n<p>Lapeiko Dominyka, II G kl.<\/p>\n\n\n\n<p>Kazlauskait\u0117 Kamil\u0117, II G kl.<\/p>\n\n\n\n<p>Luko\u0161ius Dominykas, II G kl.<\/p>\n\n\n\n<p>Macutkevi\u010d Kotryna, I G kl.<\/p>\n\n\n\n<p>Naimovi\u010di\u016bt\u0117 Patricija, II G kl.<\/p>\n\n\n\n<p>Pavtel Milana, I G kl.<\/p>\n\n\n\n<p>Podvorska Modesta, II G kl.<\/p>\n\n\n\n<p>Puga\u010diovait\u0117 Aust\u0117ja, I G kl.<\/p>\n\n\n\n<p>Truk\u0161ina Adriana, I G kl.<\/p>\n\n\n\n<p>Eligijus \u017dydelis, II G kl.<\/p>\n\n\n\n<p><a href=\"https:\/\/www.ausrosgimnazija.kalveliai.vilniausr.lm.lt\/wp-content\/uploads\/2024\/02\/Savanoriu-veiklos-planas.pdf\">Veiklos planas<\/a><\/p>\n\n\n\n<hr class=\"wp-block-separator has-alpha-channel-opacity\"\/>\n\n\n\n<p>Atnaujinta: 2025-09-01<\/p>\n","protected":false},"excerpt":{"rendered":"<p>MOKINI\u0172 TARYBA 2025-2026 M.M. Eligijus \u017dydelis (II G kl.) \u2013 pirmininkas. Aust\u0117ja Puga\u010diovait\u0117 (I G kl.) \u2013 pirmininko pavaduotoja. Nariai: Monika Gabrilevskaja (I G kl.)&nbsp; &#8211; atsakinga u\u017e visuomenin\u0119 veikl\u0105. Adriana Truk\u0161ina (I G kl.) \u2013 atsakinga u\u017e kult\u016brin\u0119-menin\u0119 veikl\u0105. <a href=\"https:\/\/www.ausros.vilniausr.lm.lt\/?page_id=226\" class=\"read-more\">Daugiau &#8230;<\/a><\/p>\n","protected":false},"author":3,"featured_media":0,"parent":0,"menu_order":0,"comment_status":"closed","ping_status":"closed","template":"","meta":{"footnotes":""},"class_list":["post-226","page","type-page","status-publish","hentry"],"_links":{"self":[{"href":"https:\/\/www.ausros.vilniausr.lm.lt\/index.php?rest_route=\/wp\/v2\/pages\/226","targetHints":{"allow":["GET"]}}],"collection":[{"href":"https:\/\/www.ausros.vilniausr.lm.lt\/index.php?rest_route=\/wp\/v2\/pages"}],"about":[{"href":"https:\/\/www.ausros.vilniausr.lm.lt\/index.php?rest_route=\/wp\/v2\/types\/page"}],"author":[{"embeddable":true,"href":"https:\/\/www.ausros.vilniausr.lm.lt\/index.php?rest_route=\/wp\/v2\/users\/3"}],"replies":[{"embeddable":true,"href":"https:\/\/www.ausros.vilniausr.lm.lt\/index.php?rest_route=%2Fwp%2Fv2%2Fcomments&post=226"}],"version-history":[{"count":25,"href":"https:\/\/www.ausros.vilniausr.lm.lt\/index.php?rest_route=\/wp\/v2\/pages\/226\/revisions"}],"predecessor-version":[{"id":12805,"href":"https:\/\/www.ausros.vilniausr.lm.lt\/index.php?rest_route=\/wp\/v2\/pages\/226\/revisions\/12805"}],"wp:attachment":[{"href":"https:\/\/www.ausros.vilniausr.lm.lt\/index.php?rest_route=%2Fwp%2Fv2%2Fmedia&parent=226"}],"curies":[{"name":"wp","href":"https:\/\/api.w.org\/{rel}","templated":true}]}}