{"id":239,"date":"2019-09-30T19:07:04","date_gmt":"2019-09-30T19:07:04","guid":{"rendered":"http:\/\/localhost:8080\/wordpress\/?page_id=239"},"modified":"2025-10-31T08:15:39","modified_gmt":"2025-10-31T08:15:39","slug":"pamoku-tvarkarasciai","status":"publish","type":"page","link":"https:\/\/www.ausros.vilniausr.lm.lt\/?page_id=239","title":{"rendered":"Tvarkara\u0161\u010diai"},"content":{"rendered":"\n<hr class=\"wp-block-separator has-css-opacity\"\/>\n\n\n\n<h2 class=\"wp-block-heading\"><em>Pamok\u0173 tvarkara\u0161\u010diai<\/em><\/h2>\n\n\n\n<p><a href=\"https:\/\/www.ausros.vilniausr.lm.lt\/wp-content\/uploads\/2025\/09\/1-4-kl.-.pdf\">1-4 KLASI\u0172 PAMOK\u0172 TVARKARA\u0160TIS<\/a> <\/p>\n\n\n\n<p><a href=\"https:\/\/www.ausros.vilniausr.lm.lt\/wp-content\/uploads\/2025\/09\/5-6-kl.-.pdf\">5-6 KLASI\u0172 PAMOK\u0172 TVARKARA\u0160TIS<\/a><\/p>\n\n\n\n<p><a href=\"https:\/\/www.ausros.vilniausr.lm.lt\/wp-content\/uploads\/2025\/09\/7-8-kl.pdf\">7-8 KLASI\u0172 PAMOK\u0172 TVARKARA\u0160TIS<\/a><\/p>\n\n\n\n<p><a href=\"https:\/\/www.ausros.vilniausr.lm.lt\/wp-content\/uploads\/2025\/09\/9-10-kl.-.pdf\">IG-IIG KLASI\u0172 PAMOK\u0172 TVARKARA\u0160TIS<\/a><\/p>\n\n\n\n<hr class=\"wp-block-separator has-css-opacity\"\/>\n\n\n\n<p><a href=\"https:\/\/www.ausros.vilniausr.lm.lt\/wp-content\/uploads\/2025\/09\/KLASIU-VALANDELIU-TVARKARASTIS.pdf\">KLASI\u0172 VALAND\u0116LI\u0172 TVARKARA\u0160TIS<\/a><\/p>\n\n\n\n<hr class=\"wp-block-separator has-css-opacity\"\/>\n\n\n\n<h2 class=\"wp-block-heading\"><em>Pamokos u\u017e gimnazijos rib\u0173<\/em><\/h2>\n\n\n\n<p><a href=\"https:\/\/www.ausros.vilniausr.lm.lt\/?page_id=12953\">TVARKARA\u0160TIS<\/a><\/p>\n\n\n\n<h2 class=\"wp-block-heading\"><em>Neformaliojo \u0161vietimo tvarkara\u0161tis<\/em><\/h2>\n\n\n\n<p><a href=\"https:\/\/www.ausros.vilniausr.lm.lt\/wp-content\/uploads\/2025\/09\/NEFORMALIOJO-SVIETIMO-VEIKLU-TVARKARASTIS.pdf\">NEFORMALIOJO \u0160VIETIMO TVARKARA\u0160TIS<\/a><\/p>\n\n\n\n<hr class=\"wp-block-separator has-css-opacity\"\/>\n\n\n\n<h2 class=\"wp-block-heading\"><em>Mokyklinio autobuso tvarkara\u0161tis<\/em><\/h2>\n\n\n\n<p><a href=\"https:\/\/www.ausros.vilniausr.lm.lt\/wp-content\/uploads\/2025\/10\/Autobuso-tvarkarasciai-tinklapis-2025-1.pdf\">MOKYKLINIO AUTOBUSO TVARKARA\u0160TIS<\/a><\/p>\n\n\n\n<h2 class=\"wp-block-heading\"><em>Mokytoj\u0173 bud\u0117jimo grafikas<\/em><\/h2>\n\n\n\n<p><a href=\"https:\/\/www.ausros.vilniausr.lm.lt\/wp-content\/uploads\/2025\/09\/Mokytoju-budejimas-2025.pdf\">MOKYTOJ\u0172 BUD\u0116JIMO GRAFIKAS<\/a><\/p>\n\n\n\n<figure class=\"wp-block-image size-large\"><img loading=\"lazy\" decoding=\"async\" width=\"1024\" height=\"720\" src=\"https:\/\/www.ausros.vilniausr.lm.lt\/wp-content\/uploads\/2025\/09\/Ekrano-kopija-2025-09-22-182644-1024x720.png\" alt=\"\" class=\"wp-image-12595\" srcset=\"https:\/\/www.ausros.vilniausr.lm.lt\/wp-content\/uploads\/2025\/09\/Ekrano-kopija-2025-09-22-182644-1024x720.png 1024w, https:\/\/www.ausros.vilniausr.lm.lt\/wp-content\/uploads\/2025\/09\/Ekrano-kopija-2025-09-22-182644-300x211.png 300w, https:\/\/www.ausros.vilniausr.lm.lt\/wp-content\/uploads\/2025\/09\/Ekrano-kopija-2025-09-22-182644-768x540.png 768w, https:\/\/www.ausros.vilniausr.lm.lt\/wp-content\/uploads\/2025\/09\/Ekrano-kopija-2025-09-22-182644-360x253.png 360w, https:\/\/www.ausros.vilniausr.lm.lt\/wp-content\/uploads\/2025\/09\/Ekrano-kopija-2025-09-22-182644.png 1184w\" sizes=\"auto, (max-width: 1024px) 100vw, 1024px\" \/><\/figure>\n\n\n\n<p>Atnaujinta: 2025-09-01<\/p>\n","protected":false},"excerpt":{"rendered":"<p>Pamok\u0173 tvarkara\u0161\u010diai 1-4 KLASI\u0172 PAMOK\u0172 TVARKARA\u0160TIS 5-6 KLASI\u0172 PAMOK\u0172 TVARKARA\u0160TIS 7-8 KLASI\u0172 PAMOK\u0172 TVARKARA\u0160TIS IG-IIG KLASI\u0172 PAMOK\u0172 TVARKARA\u0160TIS KLASI\u0172 VALAND\u0116LI\u0172 TVARKARA\u0160TIS Pamokos u\u017e gimnazijos rib\u0173 TVARKARA\u0160TIS Neformaliojo \u0161vietimo tvarkara\u0161tis NEFORMALIOJO \u0160VIETIMO TVARKARA\u0160TIS Mokyklinio autobuso tvarkara\u0161tis MOKYKLINIO AUTOBUSO TVARKARA\u0160TIS Mokytoj\u0173 bud\u0117jimo <a href=\"https:\/\/www.ausros.vilniausr.lm.lt\/?page_id=239\" class=\"read-more\">Daugiau &#8230;<\/a><\/p>\n","protected":false},"author":3,"featured_media":0,"parent":0,"menu_order":0,"comment_status":"closed","ping_status":"closed","template":"","meta":{"footnotes":""},"class_list":["post-239","page","type-page","status-publish","hentry"],"_links":{"self":[{"href":"https:\/\/www.ausros.vilniausr.lm.lt\/index.php?rest_route=\/wp\/v2\/pages\/239","targetHints":{"allow":["GET"]}}],"collection":[{"href":"https:\/\/www.ausros.vilniausr.lm.lt\/index.php?rest_route=\/wp\/v2\/pages"}],"about":[{"href":"https:\/\/www.ausros.vilniausr.lm.lt\/index.php?rest_route=\/wp\/v2\/types\/page"}],"author":[{"embeddable":true,"href":"https:\/\/www.ausros.vilniausr.lm.lt\/index.php?rest_route=\/wp\/v2\/users\/3"}],"replies":[{"embeddable":true,"href":"https:\/\/www.ausros.vilniausr.lm.lt\/index.php?rest_route=%2Fwp%2Fv2%2Fcomments&post=239"}],"version-history":[{"count":111,"href":"https:\/\/www.ausros.vilniausr.lm.lt\/index.php?rest_route=\/wp\/v2\/pages\/239\/revisions"}],"predecessor-version":[{"id":12956,"href":"https:\/\/www.ausros.vilniausr.lm.lt\/index.php?rest_route=\/wp\/v2\/pages\/239\/revisions\/12956"}],"wp:attachment":[{"href":"https:\/\/www.ausros.vilniausr.lm.lt\/index.php?rest_route=%2Fwp%2Fv2%2Fmedia&parent=239"}],"curies":[{"name":"wp","href":"https:\/\/api.w.org\/{rel}","templated":true}]}}