{"id":261,"date":"2019-09-30T19:23:56","date_gmt":"2019-09-30T19:23:56","guid":{"rendered":"http:\/\/localhost:8080\/wordpress\/?page_id=261"},"modified":"2019-09-30T19:23:56","modified_gmt":"2019-09-30T19:23:56","slug":"2015-2016-m-m-projektai","status":"publish","type":"page","link":"https:\/\/www.ausros.vilniausr.lm.lt\/?page_id=261","title":{"rendered":"2015-2016 m. m. projektai"},"content":{"rendered":"\n<hr class=\"wp-block-separator\"\/>\n\n\n\n<p><strong>2015-2016 m. m. buvo paskelbti Mokyklos bendruomen\u0117s metais.<\/strong> Jiems pamin\u0117ti \u0160vietimo ir mokslo ministerija inicijavo \u0161vietimo \u012fstaig\u0173 bendruomeni\u0173 konkurs\u0105. Jame dalyvavo ir m\u016bs\u0173 gimnazija. Konkursui i\u0161 viso buvo pateikta per 300 \u012fvairi\u0173 sri\u010di\u0173 tvari\u0173 mokykl\u0173 ir mokini\u0173 t\u0117v\u0173 bendradarbiavimo pavyzd\u017ei\u0173.<\/p>\n\n\n\n<p><strong>D\u017eiaugiam\u0117s, kad<\/strong><\/p>\n\n\n\n<p><strong>\u0160vietimo ir mokslo ministerijos atrankos komisija m\u016bs\u0173 gimnazijoje \u012fgyvendintam ir Mokyklos bendruomen\u0117s met\u0173 konkursui pateiktam projektui \u201eTradicij\u0173 pyn\u0117\u201c skyr\u0117 II viet\u0105 tarp Vilniaus apskrities projekt\u0173.<\/strong><\/p>\n\n\n\n<p>&nbsp;&nbsp;<strong>VALIO<\/strong><strong>!!!<\/strong><\/p>\n\n\n\n<hr class=\"wp-block-separator\"\/>\n\n\n\n<figure class=\"wp-block-image\"><img decoding=\"async\" src=\"http:\/\/www.vaikolabui.lt\/wp-content\/uploads\/2013\/12\/1-OD-logo-PFC-300x130.png\" alt=\"\"\/><\/figure>\n\n\n\n<p><strong>&#8222;Obuolio draugai&#8221; &nbsp; &nbsp; &nbsp; &nbsp; &nbsp;&#8222;Zipio draugai&#8221;<\/strong><\/p>\n\n\n\n<hr class=\"wp-block-separator\"\/>\n\n\n\n<p>&nbsp; &nbsp;M\u016bs\u0173 gimnazija dalyvauja <strong>eTwinning projekte<\/strong> <strong>\u201cMano mokykla\u201d.&nbsp;<\/strong>Projektas apima bendravim\u0105 ir keitim\u0105si informacija tarp Lietuvos bei Europos mokykl\u0173.<\/p>\n\n\n\n<hr class=\"wp-block-separator\"\/>\n\n\n\n<p>&nbsp; &nbsp;2015-11-09 \u2013 2016-04-08 m\u016bs\u0173 gimnazijoje vykdomas <strong>projektas &#8222;Tradicij\u0173 pyn\u0117&#8221;<\/strong>. Projektas skirtas skatinti bendruomeni\u0161kum\u0105 ir i\u0161saugoti savo kra\u0161to paveld\u0105 puosel\u0117jant etnokult\u016brines tradicijas. Jis svarbus tuo, kad gimnazijos bendruomen\u0117 tur\u0117s galimyb\u0119 suvokti ir i\u0161reik\u0161ti kult\u016bros savitum\u0105 liaudies papro\u010di\u0173 kontekste, suburti vietos bendruomen\u0119 ir socialinius partnerius bei skatinti skirting\u0173 kart\u0173 bendravim\u0105 ir bendradarbiavim\u0105.<\/p>\n\n\n\n<p>&nbsp; &nbsp;Planuojama projekto veiklas integruoti \u012f lietuvi\u0173 kalbos, matematikos, pasaulio pa\u017einimo, istorijos, geografijos, muzikos, k\u016bno kult\u016bros, dail\u0117s ir technologij\u0173 pamokas, neformal\u0173j\u012f \u0161vietim\u0105 ir klasi\u0173 valand\u0117les bei organizuoti bendras gimnazijos bendruomen\u0117s veiklas (edukacinius u\u017esi\u0117mimus, susitikimus, parodas, renginius) integruojant etnokult\u016brin\u012f ugdym\u0105.<\/p>\n\n\n\n<hr class=\"wp-block-separator\"\/>\n\n\n\n<p>&nbsp; &nbsp;M\u016bs\u0173 gimnazija penktus metus dalyvauja respublikiniame <strong>\u201eSveikatiados\u201c projekte<\/strong>.<\/p>\n\n\n\n<p><strong>&nbsp; &nbsp;Projektas \u201eSveikatiada\u201c<\/strong> &#8211; &nbsp;socialin\u0117 iniciatyva, kuria ugdomi vaik\u0173 sveikos gyvensenos \u012fpro\u010diai. Organizuojami vaikams \u012fdom\u016bs ir patraukl\u016bs renginiai, kuri\u0173 metu moksleiviai ple\u010dia savo \u017einias ir supratim\u0105 sveikos mitybos ir fizinio aktyvumo srityse. Veiklose dalyvauja ne vien mokiniai, bet ir mokytojai, mokykl\u0173 ir dar\u017eeli\u0173 administracijos darbuotojai ir t\u0117vai.<\/p>\n\n\n\n<p>&nbsp; &nbsp;M\u016bs\u0173 gimnazijos mokiniai noriai dalyvauja \u0161iame projekte, nes jiems patinka sportas ir sveikas gyvenimo b\u016bdas.<\/p>\n\n\n\n<hr class=\"wp-block-separator\"\/>\n\n\n\n<p><strong>&nbsp; &nbsp;\u201eEin\u0161teino laboratorija\u201c<\/strong><\/p>\n\n\n\n<p><strong>&nbsp; &nbsp;Vykdymo prad\u017eia<\/strong> &nbsp;\u2013 &nbsp;nuo spalio 1 d. iki &nbsp;gruod\u017eio 10 d.<\/p>\n\n\n\n<p><strong>&nbsp; Tikslas \u2013<\/strong> parodyti vaikams, kad mokslas ne tik sunkus, bet \u012fdomus ir labai reikalingas m\u016bs\u0173 kasdieniniame gyvenime.<\/p>\n\n\n\n<p><strong>&nbsp; &nbsp;Dalyviai <\/strong><strong>\u2013<\/strong>&nbsp; &nbsp;pradinio ugdymo mokiniai<\/p>\n\n\n\n<hr class=\"wp-block-separator\"\/>\n\n\n\n<p><strong>\u201eAntinikotininis klubas\u201c<\/strong><\/p>\n\n\n\n<p><strong>&nbsp; &nbsp;Trukm\u0117 <\/strong>\u2013 7 m\u0117nesiai.<\/p>\n\n\n\n<p><strong>&nbsp; &nbsp;Tikslas<\/strong> \u2013 teikti efektyvi\u0105 ir prieinam\u0105 pagalb\u0105 7 &#8211; 8 klasi\u0173 mokiniams, norintiems neprad\u0117ti arba mesti r\u016bkyti.<\/p>\n\n\n\n<p><strong>&nbsp; &nbsp;U\u017edaviniai:<\/strong><\/p>\n\n\n\n<ul class=\"wp-block-list\"><li>organizuoti grupinius u\u017esi\u0117mimus 7 &#8211; 8 kl. mokiniams, kuri\u0173 metu lavinama emocij\u0173 rai\u0161ka, bendravimo \u012fg\u016bd\u017eiai, sav\u0119s pa\u017einimas;<\/li><li>organizuoti individualias konsultacijas mokiniams, norintiems neprad\u0117ti arba mesti r\u016bkyti.<\/li><\/ul>\n\n\n\n<p><strong>&nbsp; &nbsp;Dalyviai <\/strong><strong>&nbsp;\u2013<\/strong>7- 8 kl. mokiniai.<\/p>\n\n\n\n<hr class=\"wp-block-separator\"\/>\n\n\n\n<p><strong>ESF Akademijos projektas \u201ePasimatuok profesij\u0105\u201c<\/strong><\/p>\n\n\n\n<p><strong>&nbsp; &nbsp;Vykdymo prad\u017eia <\/strong><strong>&nbsp;\u2013 <\/strong><strong>2015 \u2013 2016 m. m. (nuo <\/strong><strong>&nbsp;rugs\u0117jo 28 d.) <\/strong><\/p>\n\n\n\n<p><strong>&nbsp; &nbsp;Tikslas<\/strong> \u2013 suteikti mokiniams galimyb\u0119 \u201epasimatuoti\u201c profesij\u0105.<\/p>\n\n\n\n<p><strong>&nbsp; &nbsp;U\u017edaviniai:<\/strong><\/p>\n\n\n\n<ul class=\"wp-block-list\"><li>dalyvauti interaktyviose paskaitose apie \u012fdomiausias profesijas\u201c i\u0161 pirm\u0173j\u0173 l\u016bp\u0173\u201c;<\/li><li>var\u017eytis atliekant u\u017eduotis su kitomis ESF Akademijoje dalyvaujan\u010diomis komandomis;<\/li><li>apie savo komandos pasiekimus bei iniciatyvas pasakoti <a href=\"http:\/\/www.esfzemelapis.lt\/\">ESF iniciatyv\u0173 \u017eem\u0117lapyj<\/a><\/li><\/ul>\n\n\n\n<p><strong>&nbsp; &nbsp;Dalyviai <\/strong>\u2013 I G klas\u0117s mokiniai<\/p>\n\n\n\n<hr class=\"wp-block-separator\"\/>\n\n\n\n<p>Kartu su \u0160vietimo draugija \u201eRytas\u201d vykdomas projektas <strong>\u201eIntegruotos literat\u016bros pamokos Ryt\u0173 Lietuvoje\u201d.<\/strong><\/p>\n\n\n\n<p><strong>&nbsp; &nbsp;Vykdymo prad\u017eia<\/strong> \u2013&nbsp; 2015-11-23 <strong>\u2013 <\/strong>2016-03-08.<\/p>\n\n\n\n<p><strong>&nbsp; &nbsp;U\u017edaviniai \u2013<\/strong>&nbsp; pl\u0117sti mokini\u0173 literat\u016brin\u012f akirat\u012f, skatinti skaitymo kult\u016br\u0105, tvirtinti ra\u0161tingumo bei k\u016brybi\u0161kumo pamatus, prisid\u0117ti prie lietuvi\u0173 literat\u016bros populiarinimo.<\/p>\n\n\n\n<p><strong>&nbsp; &nbsp;Dalyviai&nbsp; \u2013<\/strong> 1-8, I-IV G klasi\u0173 mokiniai.<\/p>\n\n\n\n<hr class=\"wp-block-separator\"\/>\n\n\n\n<p>&nbsp; &nbsp;&nbsp;Kartu su Vilniaus r. pedagogine psichologine tarnyba vykdomas projektas <strong>\u201eTu gali \u012fveikti stres\u0105\u201c.<\/strong> Biofeedback (angl. biologinis gr\u012f\u017etamasis ry\u0161ys) pagalba lavinami \u017emogaus savikontrol\u0117s ir savireguliacijos \u012fg\u016bd\u017eiai, gerinama emocin\u0117 b\u016bsena. \u0160is metodas pad\u0117s spr\u0119sti streso valdymo, d\u0117mesio, koncentracijos, savireguliacijos problemas, kartu augs mokymosi pa\u017eanga bei mokymosi motyvacija.<\/p>\n\n\n\n<p><strong>&nbsp; &nbsp;Vykdymo laikas: 2015 \u2013 2016 m. m. <\/strong><\/p>\n\n\n\n<p><strong>&nbsp; &nbsp;U\u017edaviniai:<\/strong><\/p>\n\n\n\n<ul class=\"wp-block-list\"><li>organizuoti streso valdymo seminarus mokytojams ir mokiniams;<\/li><li>atlikti anketin\u0119 mokini\u0173 ir mokytoj\u0173 apklaus\u0105 ir \u012fvertinti patiriamo streso gimnazijoje lyg\u012f;<\/li><li>pravesti 20 konsultacij\u0173 vaikams, panaudojant Biofeedback \u012frang\u0105.<\/li><\/ul>\n\n\n\n<p><strong>&nbsp; &nbsp;Dalyviai <\/strong>&nbsp;\u2013 mokytojai ir II G kl. mokiniai<\/p>\n\n\n\n<hr class=\"wp-block-separator\"\/>\n\n\n\n<p><strong>&nbsp; &nbsp;Integruotas (lietuvi\u0173 kalbos, angl\u0173 kalbos ir gamtos ir \u017emogaus) projektas \u201eDrugelio gyvenimo ciklas\u201c \/ \u201eButterfly life cycle\u201c.<\/strong><\/p>\n\n\n\n<p><strong>&nbsp; &nbsp;Apra\u0161ymas \u2013<\/strong> mokiniams ir j\u0173 t\u0117vams suteikti papras\u010diausi\u0173 \u017eini\u0173, susijusi\u0173 su aplinka ir jos apsaugos tikslais. Susipa\u017ein\u0119 su metamorfoz\u0117s procesu i\u0161 ar\u010diau, mes lengviau suprastume mus supant\u012f paslapting\u0105 vabzd\u017ei\u0173 mikropasaul\u012f, su\u017einotume, kokia svarbi vabzd\u017ei\u0173 reik\u0161m\u0117 mitybin\u0117je grandin\u0117je, gal\u0117sime kontroliuoti vabzd\u017ei\u0173, turin\u010di\u0173 \u016bkin\u0119 reik\u0161m\u0119, gausum\u0105.<\/p>\n\n\n\n<p><strong>&nbsp; &nbsp;Vykdymo prad\u017eia \u2013<\/strong>&nbsp; 2015 m.&nbsp; lapkri\u010dio 9-30 d.<\/p>\n\n\n\n<p><strong>Tikslai:<\/strong><\/p>\n\n\n\n<ul class=\"wp-block-list\"><li>ugdyti ekologin\u0117s kult\u016bros pradmenis, formuojant teising\u0105 po\u017ei\u016br\u012f \u012f save, aplink\u0105 ir gamt\u0105.<\/li><li>suteikti mokiniams \u017eini\u0173 apie nariuotakoj\u0173 svarb\u0105.<\/li><li>skatinti vaik\u0173 k\u016brybi\u0161kum\u0105 ir savirai\u0161k\u0105.<\/li><\/ul>\n\n\n\n<p><strong>U\u017edaviniai:<\/strong><\/p>\n\n\n\n<ul class=\"wp-block-list\"><li>\u012ftraukti mokinius \u012f aplinkosaugin\u012f&nbsp; ugdym\u0105.<\/li><li>skatinti ir pl\u0117toti vaik\u0173 nor\u0105 pa\u017einti ir tyrin\u0117ti aplinkin\u012f pasaul\u012f.<\/li><li>puosel\u0117ti pagarb\u0105 gyvybei, atsakomyb\u0119 u\u017e j\u0105.<\/li><li>ugdyti vaik\u0173 bendravim\u0105 su gamta.<\/li><li>supa\u017eindinti su vabzd\u017ei\u0173 kilme, klasifikacija ir k\u016bno sandara.<\/li><li>pa\u017einti Lietuvos nariuotakojus.<\/li><li>lavinti geb\u0117jimus naudoti \u012fvairias kompiuterines programas (Word, Paint, Power Point).<\/li><li>skatinti mokinius bendrauti ir bendradarbiauti.<\/li><\/ul>\n\n\n\n<p><strong>&nbsp; &nbsp;Dalyviai&nbsp; \u2013<\/strong> 5-6 klasi\u0173 mokiniai.<\/p>\n\n\n\n<hr class=\"wp-block-separator\"\/>\n","protected":false},"excerpt":{"rendered":"<p>2015-2016 m. m. buvo paskelbti Mokyklos bendruomen\u0117s metais. Jiems pamin\u0117ti \u0160vietimo ir mokslo ministerija inicijavo \u0161vietimo \u012fstaig\u0173 bendruomeni\u0173 konkurs\u0105. Jame dalyvavo ir m\u016bs\u0173 gimnazija. Konkursui i\u0161 viso buvo pateikta per 300 \u012fvairi\u0173 sri\u010di\u0173 tvari\u0173 mokykl\u0173 ir mokini\u0173 t\u0117v\u0173 bendradarbiavimo pavyzd\u017ei\u0173. <a href=\"https:\/\/www.ausros.vilniausr.lm.lt\/?page_id=261\" class=\"read-more\">Daugiau &#8230;<\/a><\/p>\n","protected":false},"author":3,"featured_media":0,"parent":0,"menu_order":0,"comment_status":"closed","ping_status":"closed","template":"","meta":{"footnotes":""},"class_list":["post-261","page","type-page","status-publish","hentry"],"_links":{"self":[{"href":"https:\/\/www.ausros.vilniausr.lm.lt\/index.php?rest_route=\/wp\/v2\/pages\/261","targetHints":{"allow":["GET"]}}],"collection":[{"href":"https:\/\/www.ausros.vilniausr.lm.lt\/index.php?rest_route=\/wp\/v2\/pages"}],"about":[{"href":"https:\/\/www.ausros.vilniausr.lm.lt\/index.php?rest_route=\/wp\/v2\/types\/page"}],"author":[{"embeddable":true,"href":"https:\/\/www.ausros.vilniausr.lm.lt\/index.php?rest_route=\/wp\/v2\/users\/3"}],"replies":[{"embeddable":true,"href":"https:\/\/www.ausros.vilniausr.lm.lt\/index.php?rest_route=%2Fwp%2Fv2%2Fcomments&post=261"}],"version-history":[{"count":1,"href":"https:\/\/www.ausros.vilniausr.lm.lt\/index.php?rest_route=\/wp\/v2\/pages\/261\/revisions"}],"predecessor-version":[{"id":262,"href":"https:\/\/www.ausros.vilniausr.lm.lt\/index.php?rest_route=\/wp\/v2\/pages\/261\/revisions\/262"}],"wp:attachment":[{"href":"https:\/\/www.ausros.vilniausr.lm.lt\/index.php?rest_route=%2Fwp%2Fv2%2Fmedia&parent=261"}],"curies":[{"name":"wp","href":"https:\/\/api.w.org\/{rel}","templated":true}]}}