{"id":3443,"date":"2021-03-04T09:39:47","date_gmt":"2021-03-04T09:39:47","guid":{"rendered":"http:\/\/www.ausrosgimnazija.kalveliai.vilniausr.lm.lt\/?page_id=3443"},"modified":"2026-02-26T06:32:24","modified_gmt":"2026-02-26T06:32:24","slug":"vadoveliai-ir-priemones","status":"publish","type":"page","link":"https:\/\/www.ausros.vilniausr.lm.lt\/?page_id=3443","title":{"rendered":"Vadov\u0117liai ir priemon\u0117s"},"content":{"rendered":"\n<div class=\"wp-block-file\"><a id=\"wp-block-file--media-a97ad1f5-5314-4dba-bc77-5e802a1ee69e\" href=\"https:\/\/www.ausros.vilniausr.lm.lt\/wp-content\/uploads\/2026\/02\/VADOVELIU-IR-MOKYMO-PRIEMONIU-ISIGIJIMAS-2025-M.pdf\" target=\"_blank\" rel=\"noreferrer noopener\">VADOV\u0116LI\u0172 IR MOKYMO PRIEMONI\u0172 \u012eSIGIJIMAS 2025 M.<\/a><\/div>\n\n\n\n<div class=\"wp-block-file\"><a id=\"wp-block-file--media-70378211-5ce8-4773-969b-b5270d4d66cc\" href=\"https:\/\/www.ausrosgimnazija.kalveliai.vilniausr.lm.lt\/wp-content\/uploads\/2025\/03\/VADOVELIU-IR-MOKYMO-PRIEMONIU-ISIGIJIMAS-2024-M.-2.pdf\" target=\"_blank\" rel=\"noreferrer noopener\">VADOV\u0116LI\u0172 IR MOKYMO PRIEMONI\u0172 \u012eSIGIJIMAS 2024 M.<\/a><\/div>\n\n\n\n<div class=\"wp-block-file\"><a id=\"wp-block-file--media-66d63870-93cd-498c-b865-937d9e0b072d\" href=\"https:\/\/www.ausrosgimnazija.kalveliai.vilniausr.lm.lt\/wp-content\/uploads\/2024\/03\/VADOVELIU-IR-MOKYMO-PRIEMONIU-ISIGIJIMAS-2023-M-1.pdf\">VADOV\u0116LIU IR MOKYMO PRIEMONI\u0172 \u012eSIGIJIMAS 2023 M<\/a><\/div>\n\n\n\n<div class=\"wp-block-file\"><a id=\"wp-block-file--media-dbbf996e-9802-4eee-9698-c8d9c013d3eb\" href=\"https:\/\/www.ausrosgimnazija.kalveliai.vilniausr.lm.lt\/wp-content\/uploads\/2023\/03\/2022m-vodoveliu-ir-mokymo-priemoniu-isigijimas.pdf\">VADOV\u0116LI\u0172 IR MOKYMO PRIEMONI\u0172 \u012eSIGIJIMAS 2022 M.<\/a><\/div>\n\n\n\n<div class=\"wp-block-file\"><a id=\"wp-block-file--media-458b050c-cb30-4fb7-a5ea-863b8804b10a\" href=\"http:\/\/www.ausrosgimnazija.kalveliai.vilniausr.lm.lt\/wp-content\/uploads\/2022\/03\/VADOV\u0116LI\u0172-IR-MOKYMO-PRIEMONI\u0172-\u012eSIGIJIMAS-2021-M.-1.pdf\">VADOV\u0116LI\u0172 IR MOKYMO PRIEMONI\u0172 \u012eSIGIJIMAS 2021 M.<\/a><\/div>\n\n\n\n<div class=\"wp-block-file\"><a id=\"wp-block-file--media-6ae9aab0-f7a5-4434-bbb3-6db771a0a77b\" href=\"http:\/\/www.ausrosgimnazija.kalveliai.vilniausr.lm.lt\/wp-content\/uploads\/2021\/04\/Vadov\u0117liu-mokymo-priemoniu-isigijimas-2020-9-redaguotas-1-converted.pdf\">VADOV\u0116LI\u0172 IR MOKYMO PRIEMONI\u0172 \u012eSIGIJIMAS 2020 M.<\/a><\/div>\n\n\n\n<div class=\"wp-block-file\"><a id=\"wp-block-file--media-7c7e36a5-f0c8-4b3e-802d-4e79b4cb2077\" href=\"http:\/\/www.ausrosgimnazija.kalveliai.vilniausr.lm.lt\/wp-content\/uploads\/2021\/04\/Isigijimas-iknygos_2019.pdf\">VADOV\u0116LI\u0172 IR MOKYMO PRIEMONI\u0172 \u012eSIGIJIMAS 2019 M.<\/a><\/div>\n\n\n\n<p><em> <\/em>Atnaujinta<em>: <\/em>2025-03-10<\/p>\n","protected":false},"excerpt":{"rendered":"<p>Atnaujinta: 2025-03-10<\/p>\n","protected":false},"author":3,"featured_media":0,"parent":0,"menu_order":0,"comment_status":"closed","ping_status":"closed","template":"","meta":{"footnotes":""},"class_list":["post-3443","page","type-page","status-publish","hentry"],"_links":{"self":[{"href":"https:\/\/www.ausros.vilniausr.lm.lt\/index.php?rest_route=\/wp\/v2\/pages\/3443","targetHints":{"allow":["GET"]}}],"collection":[{"href":"https:\/\/www.ausros.vilniausr.lm.lt\/index.php?rest_route=\/wp\/v2\/pages"}],"about":[{"href":"https:\/\/www.ausros.vilniausr.lm.lt\/index.php?rest_route=\/wp\/v2\/types\/page"}],"author":[{"embeddable":true,"href":"https:\/\/www.ausros.vilniausr.lm.lt\/index.php?rest_route=\/wp\/v2\/users\/3"}],"replies":[{"embeddable":true,"href":"https:\/\/www.ausros.vilniausr.lm.lt\/index.php?rest_route=%2Fwp%2Fv2%2Fcomments&post=3443"}],"version-history":[{"count":17,"href":"https:\/\/www.ausros.vilniausr.lm.lt\/index.php?rest_route=\/wp\/v2\/pages\/3443\/revisions"}],"predecessor-version":[{"id":13459,"href":"https:\/\/www.ausros.vilniausr.lm.lt\/index.php?rest_route=\/wp\/v2\/pages\/3443\/revisions\/13459"}],"wp:attachment":[{"href":"https:\/\/www.ausros.vilniausr.lm.lt\/index.php?rest_route=%2Fwp%2Fv2%2Fmedia&parent=3443"}],"curies":[{"name":"wp","href":"https:\/\/api.w.org\/{rel}","templated":true}]}}