{"id":365,"date":"2019-10-01T21:06:49","date_gmt":"2019-10-01T21:06:49","guid":{"rendered":"http:\/\/localhost:8080\/wordpress\/?page_id=365"},"modified":"2025-03-27T17:03:42","modified_gmt":"2025-03-27T17:03:42","slug":"biblioteka","status":"publish","type":"page","link":"https:\/\/www.ausros.vilniausr.lm.lt\/?page_id=365","title":{"rendered":"Biblioteka"},"content":{"rendered":"\n<p><strong>Bibliotekinink\u0117s: <\/strong> Diana Iljeitien\u0117, Jekaterina Zvereva, tel: 052495179<\/p>\n\n\n\n<p><strong>Klausk bibliotekininko:  <\/strong><a href=\"mailto:biblioteka.kalveliai2@gmail.com\"><strong>biblioteka@ausros.vilniausr.lm.lt<\/strong><\/a><\/p>\n\n\n\n<figure class=\"wp-block-gallery has-nested-images columns-default is-cropped wp-block-gallery-1 is-layout-flex wp-block-gallery-is-layout-flex\">\n<figure class=\"wp-block-image size-large\"><img loading=\"lazy\" decoding=\"async\" width=\"1024\" height=\"768\" data-id=\"6514\" src=\"https:\/\/www.ausrosgimnazija.kalveliai.vilniausr.lm.lt\/wp-content\/uploads\/2022\/10\/IMG_8089-1024x768.jpg\" alt=\"\" class=\"wp-image-6514\" srcset=\"https:\/\/www.ausros.vilniausr.lm.lt\/wp-content\/uploads\/2022\/10\/IMG_8089-1024x768.jpg 1024w, https:\/\/www.ausros.vilniausr.lm.lt\/wp-content\/uploads\/2022\/10\/IMG_8089-300x225.jpg 300w, https:\/\/www.ausros.vilniausr.lm.lt\/wp-content\/uploads\/2022\/10\/IMG_8089-768x576.jpg 768w, https:\/\/www.ausros.vilniausr.lm.lt\/wp-content\/uploads\/2022\/10\/IMG_8089-1536x1152.jpg 1536w, https:\/\/www.ausros.vilniausr.lm.lt\/wp-content\/uploads\/2022\/10\/IMG_8089-2048x1536.jpg 2048w, https:\/\/www.ausros.vilniausr.lm.lt\/wp-content\/uploads\/2022\/10\/IMG_8089-360x270.jpg 360w\" sizes=\"auto, (max-width: 1024px) 100vw, 1024px\" \/><\/figure>\n\n\n\n<figure class=\"wp-block-image size-large\"><img loading=\"lazy\" decoding=\"async\" width=\"1024\" height=\"768\" data-id=\"6513\" src=\"https:\/\/www.ausrosgimnazija.kalveliai.vilniausr.lm.lt\/wp-content\/uploads\/2022\/10\/IMG_8091-1024x768.jpg\" alt=\"\" class=\"wp-image-6513\" srcset=\"https:\/\/www.ausros.vilniausr.lm.lt\/wp-content\/uploads\/2022\/10\/IMG_8091-1024x768.jpg 1024w, https:\/\/www.ausros.vilniausr.lm.lt\/wp-content\/uploads\/2022\/10\/IMG_8091-300x225.jpg 300w, https:\/\/www.ausros.vilniausr.lm.lt\/wp-content\/uploads\/2022\/10\/IMG_8091-768x576.jpg 768w, https:\/\/www.ausros.vilniausr.lm.lt\/wp-content\/uploads\/2022\/10\/IMG_8091-1536x1152.jpg 1536w, https:\/\/www.ausros.vilniausr.lm.lt\/wp-content\/uploads\/2022\/10\/IMG_8091-2048x1536.jpg 2048w, https:\/\/www.ausros.vilniausr.lm.lt\/wp-content\/uploads\/2022\/10\/IMG_8091-360x270.jpg 360w\" sizes=\"auto, (max-width: 1024px) 100vw, 1024px\" \/><\/figure>\n<\/figure>\n\n\n\n<p class=\"has-text-align-center\"><strong>BIBLIOTEKOS DARBO LAIKAS&nbsp; <\/strong><\/p>\n\n\n\n<figure class=\"wp-block-table\"><table><tbody><tr><td>\n  <strong>PIRMADIENIS<\/strong>\n  <\/td><td>\n  <strong>ANTRADIENIS<\/strong>\n  <\/td><td>\n  <strong>TRE\u010cIADIENIS<\/strong>\n  <\/td><td>\n  <strong>KETVIRTADIENIS<\/strong>\n  <\/td><td>\n  <strong>PENKTADIENIS\n  <\/strong>\n  <\/td><\/tr><tr><td><br><strong>8.00  \u2013 16.00<\/strong><br><\/td><td><strong>8.00  \u2013 16.00<\/strong>   <\/td><td><strong>8.00  \u2013 16.00<\/strong>    <\/td><td>   <strong>8.00  \u2013 16.00<\/strong>    <\/td><td>   <strong>8.00  \u2013 16.00<\/strong>    <\/td><\/tr><\/tbody><\/table><\/figure>\n\n\n\n<p class=\"has-text-align-center\"><strong>Paskutinis m\u0117nesio penktadienis \u2013 \u0161varos diena (biblioteka lankytoj\u0173 neaptarnauja) <\/strong><\/p>\n\n\n\n<hr class=\"wp-block-separator has-css-opacity\"\/>\n\n\n\n<h3 class=\"wp-block-heading\">Bibliotekos rengini\u0173 planas<\/h3>\n\n\n\n<figure class=\"wp-block-table\"><table><tbody><tr><td>Rugs\u0117jo 1-oji \u2013 Mokslo ir \u017eini\u0173 diena<\/td><td>Rugs\u0117jo 1 d.<\/td><\/tr><tr><td>Lietuvos \u017eyd\u0173 genocido atminimo diena (Rugs\u0117jo 23 d.)<\/td><td>Rugs\u0117jo 19-23 d.<\/td><\/tr><tr><td>Europos kalb\u0173 diena<\/td><td>Rugs\u0117jo 26-30 d.<\/td><\/tr><tr><td>Tarptautin\u0117 Mokytoj\u0173 diena<\/td><td>Spalio 5 d.&nbsp;<\/td><\/tr><tr><td>LR Konstitucijos diena<\/td><td>Spalio 25 d.<\/td><\/tr><tr><td>\u0160iaur\u0117s \u0161ali\u0173 literat\u016bros savait\u0117<\/td><td>Lapkri\u010dio 14-18 d.<\/td><\/tr><tr><td>\u017dmogaus teisi\u0173 diena (Gruod\u017eio 10 d.)<\/td><td>Gruod\u017eio 5-12 d.<\/td><\/tr><tr><td>K\u016b\u010dios ir \u0160v. Kal\u0117dos<\/td><td>Gruod\u017eio m\u0117n.<\/td><\/tr><tr><td>Laisv\u0117s gyn\u0117j\u0173 diena<\/td><td>Sausio 9-13 d.<\/td><\/tr><tr><td>Lietuvos Valstyb\u0117s atk\u016brimo diena<\/td><td>Vasario 16 d.<\/td><\/tr><tr><td>Lietuvos Nepriklausomyb\u0117s atk\u016brimo diena<\/td><td>Kovo 6-13 d.<\/td><\/tr><tr><td>Knygne\u0161io diena<\/td><td>Kovo 16 d.<\/td><\/tr><tr><td>Tarptautin\u0117 vaik\u0173 knygos diena<\/td><td>Kovo 27 &#8211; baland\u017eio 7 d.<\/td><\/tr><tr><td>\u0160v. Velykos<\/td><td>Baland\u017eio 13-11 d.<\/td><\/tr><tr><td>Pasaulin\u0117 knygos ir autorini\u0173 teisi\u0173 diena<\/td><td>Baland\u017eio 17-22 d.<\/td><\/tr><tr><td>Nacionalin\u0117 Lietuvos bibliotek\u0173 savait\u0117<\/td><td>Baland\u017eio 24-28 d.<\/td><\/tr><tr><td>Lietuvos \u012fstojimo \u012f Europos S\u0105jung\u0105 diena<\/td><td>Gegu\u017e\u0117s 1-3d.<\/td><\/tr><tr><td>Motinos diena<\/td><td>Gegu\u017e\u0117s 3-5 d.<\/td><\/tr><tr><td>Spaudos atgavimo, kalbos ir knygos diena<\/td><td>Gegu\u017e\u0117s 8 d.<\/td><\/tr><tr><td>Tarptautin\u0117 vaik\u0173 gynimo diena<\/td><td>Bir\u017eelio 1 d.<\/td><\/tr><tr><td>T\u0117vo diena<\/td><td>Bir\u017eelio 1-2 d.<\/td><\/tr><tr><td>Iniciatyva \u201dAtverk duris vasarai\u201c<\/td><td>Bir\u017eelio m\u0117n.<\/td><\/tr><\/tbody><\/table><\/figure>\n\n\n\n<p><strong>Bibliotekos vartotojams teikiamos paslaugos:<\/strong><strong><\/strong><\/p>\n\n\n\n<ul class=\"wp-block-list\">\n<li>mokini\u0173 ir mokytoj\u0173 apr\u016bpinimas vadov\u0117liais;<\/li>\n\n\n\n<li>bibliotekos dokument\u0173 i\u0161davimas;<\/li>\n\n\n\n<li>naudojimasis skaitykla ir internetu;<\/li>\n\n\n\n<li>konsultavimas ie\u0161kant informacijos, atsakymai \u012f u\u017eklausas;<\/li>\n\n\n\n<li>mokymas naudotis bibliotekos paslaugomis bei bibliotekoje esan\u010dia \u012franga;<\/li>\n\n\n\n<li>parod\u0173 ir rengini\u0173 organizavimas;<\/li>\n<\/ul>\n\n\n\n<p><strong>Bibliotekos fondas:<\/strong><strong><\/strong><\/p>\n\n\n\n<ul class=\"wp-block-list\">\n<li>Informaciniai leidiniai (enciklopedijos, \u017einynai, \u017eodynai ir kt.);<\/li>\n\n\n\n<li>Vaik\u0173 literat\u016bra;<\/li>\n\n\n\n<li>Programin\u0117 lietuvi\u0173, rus\u0173 literat\u016bra;<\/li>\n\n\n\n<li>Mokslo populiarinimo literat\u016bra;<\/li>\n\n\n\n<li>Skaitmenin\u0117s mokymo(si) programos;<\/li>\n\n\n\n<li>Pedagogin\u0117 metodin\u0117 literat\u016bra;<\/li>\n\n\n\n<li>Periodiniai leidiniai.<\/li>\n<\/ul>\n\n\n\n<p><strong>Bibliotekos strukt\u016bra:<\/strong><\/p>\n\n\n\n<ul class=\"wp-block-list\">\n<li>Skaitykla (17 darbo viet\u0173, i\u0161 j\u0173 11 kompiuterizuot\u0173 darbo viet\u0173)<\/li>\n<\/ul>\n\n\n\n<p><strong>Technin\u0117s priemon\u0117s<\/strong>: kompiuteriai, spausdintuvas, ekranas.<\/p>\n\n\n\n<p><strong>Privaloma ir rekomenduojama literat\u016bra<\/strong>:<\/p>\n\n\n\n<p>1\u20134 klasi\u0173 privaloma ir rekomenduojama literat\u016bra <strong><a href=\"https:\/\/www.ausrosgimnazija.kalveliai.vilniausr.lm.lt\/wp-content\/uploads\/2022\/10\/Privalomos-literaturos-sarasai-1-4-kl..pdf\">(s\u0105ra\u0161as)<\/a><\/strong><\/p>\n\n\n\n<p>5\u201310 klasi\u0173 privaloma ir rekomenduojama literat\u016bra <strong><a href=\"https:\/\/www.ausrosgimnazija.kalveliai.vilniausr.lm.lt\/wp-content\/uploads\/2022\/10\/Privalomos-literaturos-sarasai-5-10-kl..pdf\">(s\u0105ra\u0161as)<\/a><\/strong><\/p>\n\n\n\n<p>11\u201312 klasi\u0173 privaloma ir rekomenduojama literat\u016bra <strong><a href=\"https:\/\/www.ausrosgimnazija.kalveliai.vilniausr.lm.lt\/wp-content\/uploads\/2022\/10\/Privalomos-literaturos-sarasai-11-12-kl..pdf\">(s\u0105ra\u0161as)<\/a><\/strong><\/p>\n\n\n\n<p><strong>Mokiniams (1\u201310 kl.) rekomenduojamos knygos:<\/strong><\/p>\n\n\n\n<p><a href=\"https:\/\/www.ibbylietuva.lt\/naujienos\/skelbiamas-dr-kestucio-urbos-sudarytas-sarasas-mokiniams-rekomenduojamos-knygos-1-10-klasei\">https:\/\/www.ibbylietuva.lt\/naujienos\/skelbiamas-dr-kestucio-urbos-sudarytas-sarasas-mokiniams-rekomenduojamos-knygos-1-10-klasei<\/a><\/p>\n\n\n\n<hr class=\"wp-block-separator has-alpha-channel-opacity\"\/>\n\n\n\n<p><strong>Bibliotekos veikla organizuojama remiantis \u0161iais teis\u0117s aktais:<\/strong><\/p>\n\n\n\n<div class=\"wp-block-file\"><a id=\"wp-block-file--media-e6332b17-a602-4d8b-9c0b-96b84705fb01\" href=\"https:\/\/www.ausrosgimnazija.kalveliai.vilniausr.lm.lt\/wp-content\/uploads\/2022\/10\/NAUDOJIMOSI-VILNIAUS-R.-KALVELIU-AUSROS-GIMNAZIJOS-BIBLIOTEKA-TAISYKLES-1.pdf\"><strong>Naudojimosi Vilniaus r. Kalveli\u0173 &#8222;Au\u0161ros&#8221; gimnazijos biblioteka taisykl\u0117s<\/strong><\/a><\/div>\n\n\n\n<div class=\"wp-block-file\"><a id=\"wp-block-file--media-d3498903-7f72-4c56-96b8-7abc26357c41\" href=\"https:\/\/www.ausrosgimnazija.kalveliai.vilniausr.lm.lt\/wp-content\/uploads\/2022\/10\/Vilniaus-r.-Kalveliu-Ausros-gimnazijos-aprupinimo-bendrojo-ugdymo-dalyku-vadoveliais-ir-mokymo-priemonemis-tvarkos-aprasas-1.pdf\"><strong>Vilniaus r. Kalveli\u0173 &#8222;Au\u0161ros&#8221; gimnazijos mokyklos apr\u016bpinimo bendrojo ugdymo dalyk\u0173 vadov\u0117liais ir mokymo priemon\u0117mis tvarkos apra\u0161as<\/strong><\/a><\/div>\n\n\n\n<hr class=\"wp-block-separator has-alpha-channel-opacity\"\/>\n\n\n\n<p>Bibliotek\u0173 fondo apsaugos nuostatai<\/p>\n\n\n\n<p><a href=\"https:\/\/www.e-tar.lt\/portal\/lt\/legalAct\/e3352110ffdc11eb9f09e7df20500045\">https:\/\/www.e-tar.lt\/portal\/lt\/legalAct\/e3352110ffdc11eb9f09e7df20500045<\/a><\/p>\n\n\n\n<p>Lietuvos Respublikos bibliotek\u0173 \u012fstatymas<\/p>\n\n\n\n<p><a href=\"https:\/\/www.e-tar.lt\/portal\/lt\/legalAct\/TAR.5A04D7CC7EF6\">https:\/\/www.e-tar.lt\/portal\/lt\/legalAct\/TAR.5A04D7CC7EF6<\/a><\/p>\n\n\n\n<p>Skaitymo skatinimo&nbsp;2019\u20132024 met\u0173&nbsp;programa<\/p>\n\n\n\n<p><a href=\"https:\/\/www.e-tar.lt\/portal\/lt\/legalAct\/37e2e820d39711e8bea9885f77677ec1\">https:\/\/www.e-tar.lt\/portal\/lt\/legalAct\/37e2e820d39711e8bea9885f77677ec1<\/a><\/p>\n\n\n\n<p>Lietuvos Respublikos atmintin\u0173 dien\u0173 \u012fstatymas<\/p>\n\n\n\n<p><a href=\"https:\/\/www.e-tar.lt\/portal\/lt\/legalAct\/TAR.D570962773F8\">https:\/\/www.e-tar.lt\/portal\/lt\/legalAct\/TAR.D570962773F8<\/a><\/p>\n\n\n\n<p>Mokinys, kuris mokosi pagal pradinio, pagrindinio, vidurinio ugdymo programas, vadov\u0117liais naudojasi nemokamai.<\/p>\n\n\n\n<h2 class=\"wp-block-heading\"><strong>NUORODOS<\/strong><strong><\/strong><\/h2>\n\n\n\n<p>Vadov\u0117li\u0173 duomen\u0173 baz\u0117&nbsp; <a href=\"http:\/\/www.emokykla.lt\/bendrasis\/vadoveliai\/vadoveliu-duomenu-baze\">www.emokykla.lt\/bendrasis\/vadoveliai\/vadoveliu-duomenu-baze<\/a><\/p>\n\n\n\n<p>Skaitmenin\u0117s mokymo priemon\u0117s <a href=\"https:\/\/www.emokykla.lt\/bendrasis\/skaitmenines-mokymo-priemones\/priemones\">https:\/\/www.emokykla.lt\/bendrasis\/skaitmenines-mokymo-priemones\/priemones<\/a><\/p>\n\n\n\n<p>Lietuvos ra\u0161ytojai <a href=\"https:\/\/rasytojai.lt\/rasytojai\/\">https:\/\/rasytojai.lt\/rasytojai\/<\/a><\/p>\n\n\n\n<p><strong>Lietuvi\u0173 kalbos \u017eodynai<\/strong><\/p>\n\n\n\n<p>Lietuvi\u0173 kalbos i\u0161tekli\u0173 informacin\u0117 sistema \u201eE. kalba\u201c <a href=\"https:\/\/ekalba.lt\">https:\/\/ekalba.lt<\/a><\/p>\n\n\n\n<p>Valstybin\u0117s lietuvi\u0173 kalbos komisijos el. i\u0161tekliai <a href=\"http:\/\/www.vlkk.lt\/#el-istekliai\">http:\/\/www.vlkk.lt\/#el-istekliai<\/a><\/p>\n\n\n\n<p><strong>Literat\u016bros k\u016briniai<\/strong><\/p>\n\n\n\n<p>Literat\u016bros k\u016briniai 5\u20138 kl. <a href=\"https:\/\/ebiblioteka.mkp.emokykla.lt\/\">https:\/\/ebiblioteka.mkp.emokykla.lt<\/a> &nbsp;<\/p>\n\n\n\n<p>Lietuvi\u0173 kalbos ir literat\u016bros chrestomatija 11\u201312 kl. <a href=\"https:\/\/sodas.ugdome.lt\/mokymo-priemones\/19600\">https:\/\/sodas.ugdome.lt\/mokymo-priemones\/19600<\/a><\/p>\n\n\n\n<p>Lietuvi\u0173 literat\u016bros ir istorijos \u0161altiniai <a href=\"http:\/\/\u0161altiniai.info\">http:\/\/\u0161altiniai.info<\/a>&nbsp;<\/p>\n\n\n\n<p>Klasikin\u0117s lietuvi\u0173 literat\u016bros antologija <a href=\"http:\/\/antologija.lt\">http:\/\/antologija.lt<\/a><\/p>\n\n\n\n<p>\u0160iuolaikin\u0117s lietuvi\u0173 literat\u016bros antologija <a href=\"http:\/\/www.tekstai.lt\">www.tekstai.lt<\/a><\/p>\n\n\n\n<p>Pasakos, vaik\u0173 knygos <a href=\"https:\/\/www.pasakanepasaka.lt\">https:\/\/www.pasakanepasaka.lt<\/a><\/p>\n\n\n\n<p>Pasakos, pasak\u0117\u010dios <a href=\"https:\/\/www.pasakos.lt\">https:\/\/www.pasakos.lt<\/a><\/p>\n\n\n\n<p><strong>Skaitymo skatinimo programos<\/strong><\/p>\n\n\n\n<p>Skaitymo skatinimo programa <a href=\"https:\/\/skaitymometai.lnb.lt\">https:\/\/skaitymometai.lnb.lt<\/a><\/p>\n\n\n\n<p><a>Nacionalin\u0117 Lietuvos bibliotek\u0173 savait\u0117 <\/a><a href=\"https:\/\/www.lbd.lt\">https:\/\/www.lbd.lt<\/a><\/p>\n\n\n\n<p><a><\/a><a>\u0160iaur\u0117s \u0161ali\u0173 literat\u016bros savait\u0117 <\/a><a href=\"https:\/\/www.nordisklitteratur.org\/lt\">https:\/\/www.nordisklitteratur.org\/lt<\/a><\/p>\n\n\n\n<p>Tarptautin\u0117s vaik\u0173 ir jaunimo literat\u016bros asociacijos (IBBY) Lietuvos skyrius <a href=\"https:\/\/www.ibbylietuva.lt\">https:\/\/www.ibbylietuva.lt<\/a><\/p>\n\n\n\n<p><strong>Bibliotekos ir bibliotek\u0173 katalogai<\/strong><\/p>\n\n\n\n<p>Lietuvos integrali bibliotek\u0173 informacijos sistema <a href=\"https:\/\/ibiblioteka.lt\/\">https:\/\/ibiblioteka.lt<\/a><\/p>\n\n\n\n<p>Lietuvos skaitmeninto kult\u016bros paveldo portalas &nbsp;<a href=\"http:\/\/www.epaveldas.lt\">www.epaveldas.lt<\/a><\/p>\n\n\n\n<p>Lietuvos akademin\u0117 elektronin\u0117 biblioteka eLABa <a href=\"http:\/\/www.lvb.lt\/\" target=\"_blank\" rel=\"noreferrer noopener\">www.lvb.lt<\/a><\/p>\n\n\n\n<p>Lietuvos akademin\u0117s bibliotekos <a href=\"https:\/\/aleph.library.lt\/\">https:\/\/aleph.library.lt<\/a><\/p>\n\n\n\n<p>Vilniaus universiteto bibliotekos katalogas <a href=\"https:\/\/biblioteka.vu.lt\/\">https:\/\/biblioteka.vu.lt<\/a><\/p>\n\n\n\n<p>Lietuvos moksl\u0173 akademijos Vrublevski\u0173 bibliotekos katalogai <a href=\"https:\/\/vb.mab.lt\">https:\/\/vb.mab.lt<\/a><\/p>\n\n\n\n<p>Lietuvos nacionalin\u0117 Martyno Ma\u017evydo biblioteka <a href=\"http:\/\/www.lnb.lt\/\" target=\"_blank\" rel=\"noreferrer noopener\">www.lnb.lt<\/a><\/p>\n\n\n\n<p>Lietuvos moksl\u0173 akademijos Vrublevski\u0173 biblioteka <a href=\"http:\/\/www.mab.lt\">www.mab.lt<\/a><\/p>\n\n\n\n<p>Vilniaus apskrities Adomo Mickevi\u010diaus vie\u0161oji biblioteka <a href=\"http:\/\/www.amb.lt\/\" target=\"_blank\" rel=\"noreferrer noopener\">www.amb.lt<\/a><\/p>\n\n\n\n<p>Vilniaus rajono savivaldyb\u0117s centrin\u0117 biblioteka <a href=\"https:\/\/vrscb.lt\/\">https:\/\/vrscb.lt<\/a>&nbsp;&nbsp;<\/p>\n\n\n\n<p><strong>Saugumas internete<\/strong><\/p>\n\n\n\n<p>Draugi\u0161kas internetas <a href=\"https:\/\/www.draugiskasinternetas.lt\">https:\/\/www.draugiskasinternetas.lt<\/a><\/p>\n\n\n\n<p>Saugumas elektronin\u0117je erdv\u0117je <a href=\"https:\/\/www.esaugumas.lt\">https:\/\/www.esaugumas.lt<\/a><\/p>\n\n\n\n<p><strong>\u0160vietimas<\/strong><\/p>\n\n\n\n<p>\u0160vietimo portalas emokykla <a href=\"http:\/\/www.emokykla.lt\">www.emokykla.lt<\/a><\/p>\n\n\n\n<p>Nacionalin\u0117 \u0161vietimo agent\u016bra <a href=\"http:\/\/www.nsa.smm.lt\">www.nsa.smm.lt<\/a><\/p>\n\n\n\n<p>Brandos egzaminai <a href=\"http:\/\/www.nsa.smm.lt\/stebesenos-ir-vertinimo-departamentas\/pasiekimu-patikrinimai\/brandos-egzaminai\/\">www.nsa.smm.lt\/stebesenos-ir-vertinimo-departamentas\/pasiekimu-patikrinimai\/brandos-egzaminai\/<\/a><\/p>\n\n\n\n<p>PUPP <a href=\"http:\/\/www.nsa.smm.lt\/stebesenos-ir-vertinimo-departamentas\/pasiekimu-patikrinimai\/pupp\/\">www.nsa.smm.lt\/stebesenos-ir-vertinimo-departamentas\/pasiekimu-patikrinimai\/pupp\/<\/a><\/p>\n\n\n\n<p>NMPP <a href=\"http:\/\/www.nsa.smm.lt\/stebesenos-ir-vertinimo-departamentas\/pasiekimu-patikrinimai\/nmpp\/\">www.nsa.smm.lt\/stebesenos-ir-vertinimo-departamentas\/pasiekimu-patikrinimai\/nmpp\/<\/a><\/p>\n\n\n\n<p>\u0160vietimo naujienos <a href=\"https:\/\/www.svietimonaujienos.lt\">https:\/\/www.svietimonaujienos.lt<\/a><\/p>\n\n\n\n<p>Atvira informavimo, konsultavimo ir orientavimo sistema <a href=\"http:\/\/www.aikos.smm.lt\">www.aikos.smm.lt<\/a><\/p>\n\n\n\n<p>\u0160vietimo, mokslo&nbsp;ir sporto&nbsp;ministerija <a href=\"https:\/\/smsm.lrv.lt\/\">https:\/\/smsm.lrv.lt<\/a><\/p>\n\n\n\n<p>Vilniaus rajono savivaldyb\u0117s administracija \u2013 \u0160vietimas <a href=\"http:\/\/www.vrsa.lt\/svietimas\/133\">www.vrsa.lt\/svietimas\/133<\/a><\/p>\n\n\n\n<p><strong>Mokini\u0173 orientavimas karjerai<\/strong><\/p>\n\n\n\n<p>Mokini\u0173 ugdymo karjerai informacin\u0117 svetain\u0117 <a href=\"http:\/\/www.mukis.lt\/lt\/pradzia.html\">http:\/\/www.mukis.lt\/lt\/pradzia.html<\/a><\/p>\n\n\n\n<p>Orientavimas karjerai <a href=\"http:\/\/www.euroguidance.lt\">http:\/\/www.euroguidance.lt<\/a><\/p>\n\n\n\n<p><strong>Suaugusi\u0173j\u0173 mokymasis<\/strong><\/p>\n\n\n\n<p>Suaugusi\u0173j\u0173 mokymosi informacin\u0117 sistema <a href=\"https:\/\/www.smis.lt\">https:\/\/www.smis.lt<\/a><\/p>\n\n\n\n<p>Prisijungusi Lietuva <a href=\"https:\/\/www.prisijungusi.lt\">https:\/\/www.prisijungusi.lt<\/a><\/p>\n\n\n\n<p>E. pilietis <a href=\"https:\/\/www.epilietis.eu\">https:\/\/www.epilietis.eu<\/a><\/p>\n\n\n\n<p><strong>Teisin\u0117 informacija<\/strong><\/p>\n\n\n\n<p>Teis\u0117s akt\u0173 registras <a href=\"http:\/\/www.e-tar.lt\">www.e-tar.lt<\/a><\/p>\n\n\n\n<p>Lietuvos Respublikos Seimo teis\u0117s aktai <a href=\"https:\/\/e-seimas.lrs.lt\">https:\/\/e-seimas.lrs.lt<\/a><\/p>\n\n\n\n<p><strong>Administracin\u0117s paslaugos<\/strong><\/p>\n\n\n\n<p>Elektroniniai vald\u017eios vartai <a href=\"https:\/\/www.epaslaugos.lt\">https:\/\/www.epaslaugos.lt<\/a><\/p>\n\n\n\n<hr class=\"wp-block-separator has-alpha-channel-opacity\"\/>\n\n\n\n<h3 class=\"wp-block-heading\">\u012esigyt\u0173 pagal <strong>,,Skaitmeninio ugdymo turinio k\u016brimas ir diegimas\u201c<\/strong>&nbsp; projekt\u0105 vadov\u0117li\u0173 s\u0105ra\u0161as:<\/h3>\n\n\n\n<p><strong><a href=\"https:\/\/www.ausrosgimnazija.kalveliai.vilniausr.lm.lt\/wp-content\/uploads\/2024\/02\/I-etapas-1.pdf\">I etapas<\/a><\/strong><\/p>\n\n\n\n<p><strong><a href=\"https:\/\/www.ausrosgimnazija.kalveliai.vilniausr.lm.lt\/wp-content\/uploads\/2024\/02\/II-etapas-1.pdf\">II etapas<\/a><\/strong><\/p>\n\n\n\n<figure class=\"wp-block-gallery has-nested-images columns-5 is-cropped wp-block-gallery-2 is-layout-flex wp-block-gallery-is-layout-flex\">\n<figure class=\"wp-block-image size-large\"><img loading=\"lazy\" decoding=\"async\" width=\"768\" height=\"1024\" data-id=\"9656\" src=\"https:\/\/www.ausrosgimnazija.kalveliai.vilniausr.lm.lt\/wp-content\/uploads\/2024\/02\/2.jpg\" alt=\"\" class=\"wp-image-9656\" srcset=\"https:\/\/www.ausros.vilniausr.lm.lt\/wp-content\/uploads\/2024\/02\/2.jpg 768w, https:\/\/www.ausros.vilniausr.lm.lt\/wp-content\/uploads\/2024\/02\/2-225x300.jpg 225w, https:\/\/www.ausros.vilniausr.lm.lt\/wp-content\/uploads\/2024\/02\/2-203x270.jpg 203w\" sizes=\"auto, (max-width: 768px) 100vw, 768px\" \/><\/figure>\n\n\n\n<figure class=\"wp-block-image size-large\"><img loading=\"lazy\" decoding=\"async\" width=\"1024\" height=\"768\" data-id=\"9660\" src=\"https:\/\/www.ausrosgimnazija.kalveliai.vilniausr.lm.lt\/wp-content\/uploads\/2024\/02\/4-1024x768.jpg\" alt=\"\" class=\"wp-image-9660\" srcset=\"https:\/\/www.ausros.vilniausr.lm.lt\/wp-content\/uploads\/2024\/02\/4-1024x768.jpg 1024w, https:\/\/www.ausros.vilniausr.lm.lt\/wp-content\/uploads\/2024\/02\/4-300x225.jpg 300w, https:\/\/www.ausros.vilniausr.lm.lt\/wp-content\/uploads\/2024\/02\/4-768x576.jpg 768w, https:\/\/www.ausros.vilniausr.lm.lt\/wp-content\/uploads\/2024\/02\/4-1536x1152.jpg 1536w, https:\/\/www.ausros.vilniausr.lm.lt\/wp-content\/uploads\/2024\/02\/4-360x270.jpg 360w, https:\/\/www.ausros.vilniausr.lm.lt\/wp-content\/uploads\/2024\/02\/4.jpg 2000w\" sizes=\"auto, (max-width: 1024px) 100vw, 1024px\" \/><\/figure>\n\n\n\n<figure class=\"wp-block-image size-large\"><img loading=\"lazy\" decoding=\"async\" width=\"768\" height=\"1024\" data-id=\"9659\" src=\"https:\/\/www.ausrosgimnazija.kalveliai.vilniausr.lm.lt\/wp-content\/uploads\/2024\/02\/1.jpg\" alt=\"\" class=\"wp-image-9659\" srcset=\"https:\/\/www.ausros.vilniausr.lm.lt\/wp-content\/uploads\/2024\/02\/1.jpg 768w, https:\/\/www.ausros.vilniausr.lm.lt\/wp-content\/uploads\/2024\/02\/1-225x300.jpg 225w, https:\/\/www.ausros.vilniausr.lm.lt\/wp-content\/uploads\/2024\/02\/1-203x270.jpg 203w\" sizes=\"auto, (max-width: 768px) 100vw, 768px\" \/><\/figure>\n\n\n\n<figure class=\"wp-block-image size-large\"><img loading=\"lazy\" decoding=\"async\" width=\"768\" height=\"1024\" data-id=\"9658\" src=\"https:\/\/www.ausrosgimnazija.kalveliai.vilniausr.lm.lt\/wp-content\/uploads\/2024\/02\/3-768x1024.jpg\" alt=\"\" class=\"wp-image-9658\" srcset=\"https:\/\/www.ausros.vilniausr.lm.lt\/wp-content\/uploads\/2024\/02\/3-768x1024.jpg 768w, https:\/\/www.ausros.vilniausr.lm.lt\/wp-content\/uploads\/2024\/02\/3-225x300.jpg 225w, https:\/\/www.ausros.vilniausr.lm.lt\/wp-content\/uploads\/2024\/02\/3-1152x1536.jpg 1152w, https:\/\/www.ausros.vilniausr.lm.lt\/wp-content\/uploads\/2024\/02\/3-203x270.jpg 203w, https:\/\/www.ausros.vilniausr.lm.lt\/wp-content\/uploads\/2024\/02\/3.jpg 1500w\" sizes=\"auto, (max-width: 768px) 100vw, 768px\" \/><\/figure>\n\n\n\n<figure class=\"wp-block-image size-large\"><img loading=\"lazy\" decoding=\"async\" width=\"1024\" height=\"768\" data-id=\"9657\" src=\"https:\/\/www.ausrosgimnazija.kalveliai.vilniausr.lm.lt\/wp-content\/uploads\/2024\/02\/5-1024x768.jpg\" alt=\"\" class=\"wp-image-9657\" srcset=\"https:\/\/www.ausros.vilniausr.lm.lt\/wp-content\/uploads\/2024\/02\/5-1024x768.jpg 1024w, https:\/\/www.ausros.vilniausr.lm.lt\/wp-content\/uploads\/2024\/02\/5-300x225.jpg 300w, https:\/\/www.ausros.vilniausr.lm.lt\/wp-content\/uploads\/2024\/02\/5-768x576.jpg 768w, https:\/\/www.ausros.vilniausr.lm.lt\/wp-content\/uploads\/2024\/02\/5-1536x1152.jpg 1536w, https:\/\/www.ausros.vilniausr.lm.lt\/wp-content\/uploads\/2024\/02\/5-360x270.jpg 360w, https:\/\/www.ausros.vilniausr.lm.lt\/wp-content\/uploads\/2024\/02\/5.jpg 2000w\" sizes=\"auto, (max-width: 1024px) 100vw, 1024px\" \/><\/figure>\n<\/figure>\n\n\n\n<hr class=\"wp-block-separator has-alpha-channel-opacity\"\/>\n\n\n\n<p>Atnaujinta: 2025-03-27<\/p>\n","protected":false},"excerpt":{"rendered":"<p>Bibliotekinink\u0117s: Diana Iljeitien\u0117, Jekaterina Zvereva, tel: 052495179 Klausk bibliotekininko: biblioteka@ausros.vilniausr.lm.lt BIBLIOTEKOS DARBO LAIKAS&nbsp; PIRMADIENIS ANTRADIENIS TRE\u010cIADIENIS KETVIRTADIENIS PENKTADIENIS 8.00 \u2013 16.00 8.00 \u2013 16.00 8.00 \u2013 16.00 8.00 \u2013 16.00 8.00 \u2013 16.00 Paskutinis m\u0117nesio penktadienis \u2013 \u0161varos diena (biblioteka <a href=\"https:\/\/www.ausros.vilniausr.lm.lt\/?page_id=365\" class=\"read-more\">Daugiau &#8230;<\/a><\/p>\n","protected":false},"author":3,"featured_media":0,"parent":0,"menu_order":0,"comment_status":"closed","ping_status":"closed","template":"","meta":{"footnotes":""},"class_list":["post-365","page","type-page","status-publish","hentry"],"_links":{"self":[{"href":"https:\/\/www.ausros.vilniausr.lm.lt\/index.php?rest_route=\/wp\/v2\/pages\/365","targetHints":{"allow":["GET"]}}],"collection":[{"href":"https:\/\/www.ausros.vilniausr.lm.lt\/index.php?rest_route=\/wp\/v2\/pages"}],"about":[{"href":"https:\/\/www.ausros.vilniausr.lm.lt\/index.php?rest_route=\/wp\/v2\/types\/page"}],"author":[{"embeddable":true,"href":"https:\/\/www.ausros.vilniausr.lm.lt\/index.php?rest_route=\/wp\/v2\/users\/3"}],"replies":[{"embeddable":true,"href":"https:\/\/www.ausros.vilniausr.lm.lt\/index.php?rest_route=%2Fwp%2Fv2%2Fcomments&post=365"}],"version-history":[{"count":41,"href":"https:\/\/www.ausros.vilniausr.lm.lt\/index.php?rest_route=\/wp\/v2\/pages\/365\/revisions"}],"predecessor-version":[{"id":11808,"href":"https:\/\/www.ausros.vilniausr.lm.lt\/index.php?rest_route=\/wp\/v2\/pages\/365\/revisions\/11808"}],"wp:attachment":[{"href":"https:\/\/www.ausros.vilniausr.lm.lt\/index.php?rest_route=%2Fwp%2Fv2%2Fmedia&parent=365"}],"curies":[{"name":"wp","href":"https:\/\/api.w.org\/{rel}","templated":true}]}}