{"id":4566,"date":"2021-11-04T19:32:51","date_gmt":"2021-11-04T19:32:51","guid":{"rendered":"http:\/\/www.ausrosgimnazija.kalveliai.vilniausr.lm.lt\/?page_id=4566"},"modified":"2025-09-24T09:17:22","modified_gmt":"2025-09-24T09:17:22","slug":"komisijos-ir-darbo-grupes","status":"publish","type":"page","link":"https:\/\/www.ausros.vilniausr.lm.lt\/?page_id=4566","title":{"rendered":"Komisijos ir darbo grup\u0117s"},"content":{"rendered":"\n<h3 class=\"wp-block-heading\">Vaiko gerov\u0117s komisija<\/h3>\n\n\n\n<ul class=\"wp-block-list\">\n<li><strong>Darbo grup\u0117<\/strong><\/li>\n\n\n\n<li>Komisijos pirminink\u0117 \u2013 Nina Ba\u0161ajevien\u0117, direktoriaus pavaduotoja ugdymui<\/li>\n\n\n\n<li>Pirminink\u0117s pavaduotoja \u2013 An\u017eelika Valiavi\u010dien\u0117,&nbsp; specialioji pedagog\u0117<\/li>\n\n\n\n<li>Sekretor\u0117 \u2013 Oksana Raudonien\u0117, logoped\u0117<\/li>\n\n\n\n<li><strong>Nariai<\/strong><\/li>\n\n\n\n<li>Edita Makarova, socialin\u0117 pedagog\u0117<\/li>\n\n\n\n<li>Ramun\u0117 Doveikien\u0117, sveikatos prie\u017ei\u016bros specialist\u0117<\/li>\n\n\n\n<li>Kristina U\u017eubalyt\u0117, klasi\u0173 vadov\u0173 metodin\u0117s grup\u0117s pirminink\u0117<\/li>\n\n\n\n<li>&nbsp;Gra\u017eina Tama\u0161auskien\u0117, pradinio ugdymo mokytoja<\/li>\n<\/ul>\n\n\n\n<p><strong><a href=\"https:\/\/www.ausrosgimnazija.kalveliai.vilniausr.lm.lt\/wp-content\/uploads\/2025\/02\/VGK-planas-2025.pdf\">Veiklos planas<\/a><\/strong><\/p>\n\n\n\n<h3 class=\"wp-block-heading\">Mokytoj\u0173 ir pagalbos mokiniui specialist\u0173 (i\u0161skyrus psichologus) atestacijos komisija<\/h3>\n\n\n\n<ul class=\"wp-block-list\">\n<li>Pirminink\u0117 \u2013 Irena Veli\u010dkien\u0117, gimnazijos direktor\u0117, rus\u0173 (u\u017esienio) kalbos mokytoja metodinink\u0117 bei vokie\u010di\u0173 kalbos vyresnioji mokytoja;<\/li>\n\n\n\n<li>Sekretor\u0117 \u2013 Ana Kairien\u0117 Vilniaus r. Kalveli\u0173 \u201eAu\u0161ros\u201c gimnazijos pradini\u0173 klasi\u0173 mokytoja metodinink\u0117;<\/li>\n\n\n\n<li>Nariai:<\/li>\n\n\n\n<li>Jolanta Pa\u0161utien\u0117, Vilniaus r. Kalveli\u0173 \u201eAu\u0161ros\u201c gimnazijos pradinio ugdymo mokytoja metodinink\u0117;<\/li>\n\n\n\n<li>Valentina Fedorovi\u010d, Vilniaus r. Kalveli\u0173 \u201eAu\u0161ros\u201c muzikos mokytoja metodinink\u0117;<\/li>\n\n\n\n<li>Gra\u017eina Subo\u010d, Vilniaus r. Kalveli\u0173 \u201eAu\u0161ros\u201c gimnazijos matematikos mokytoja metodinink\u0117;<\/li>\n\n\n\n<li>Janina Klima\u0161evska, Vilniaus rajono savivaldyb\u0117s administracijos \u0161vietimo skyriaus vyriausioji specialist\u0117.<\/li>\n<\/ul>\n\n\n\n<p><strong><a href=\"https:\/\/www.ausrosgimnazija.kalveliai.vilniausr.lm.lt\/wp-content\/uploads\/2025\/03\/1-1.pdf\">Veiklos planas<\/a><\/strong><\/p>\n\n\n\n<h3 class=\"wp-block-heading\">Vie\u0161ojo pirkimo komisija<\/h3>\n\n\n\n<p>Supaprastint\u0173 vie\u0161\u0173j\u0173 pirkim\u0173 komisija:<\/p>\n\n\n\n<ul class=\"wp-block-list\">\n<li>Julija Petrulevi\u010d, direktoriaus pavaduotoja \u016bkio ir administracijos reikalams \u2013 komisijos pirminink\u0117\/organizator\u0117;<\/li>\n\n\n\n<li>Diana Iljeitien\u0117, ra\u0161tin\u0117s ved\u0117ja \u2013 atsakinga u\u017e pirkimo ver\u010di\u0173 apskait\u0105;<\/li>\n\n\n\n<li>Nina Ba\u0161ajevien\u0117, direktoriaus pavaduotoja ugdymui \u2013 komisijos nar\u0117.<\/li>\n<\/ul>\n\n\n\n<h3 class=\"wp-block-heading\">Gimnazijos veiklos kokyb\u0117s \u012fsivertinimo grup\u0117<\/h3>\n\n\n\n<ul class=\"wp-block-list\">\n<li>Nina Ba\u0161ajevien\u0117, direktoriaus pavaduotoja ugdymui \u2013 pirminink\u0117;<\/li>\n\n\n\n<li>Irena Mikulevi\u010d, biologijos vyresnioji mokytoja \u2013 nar\u0117;&nbsp;<\/li>\n\n\n\n<li>Ana Borkovska, matematikos vyresnioji mokytoja \u2013 nar\u0117;<\/li>\n\n\n\n<li>Gra\u017eina Subo\u010d, matematikos mokytoja metodinink\u0117 \u2013 nar\u0117;<\/li>\n\n\n\n<li>Jolanta Pa\u0161utien\u0117, pradinio ugdymo mokytoja metodinink\u0117 \u2013 nar\u0117.<\/li>\n<\/ul>\n\n\n\n<p><strong><a href=\"https:\/\/www.ausrosgimnazija.kalveliai.vilniausr.lm.lt\/wp-content\/uploads\/2025\/03\/Audito-planas-2025.pdf\">Gimnazijos veiklos kokyb\u0117s \u012fsivertinimo veiklos planas<\/a><\/strong><\/p>\n\n\n\n<h3 class=\"wp-block-heading\">Nemokamo maitinimo darbo grup\u0117<\/h3>\n\n\n\n<ul class=\"wp-block-list\">\n<li>Inga Meleikien\u0117, prie\u0161mokyklinio ugdymo mokytoja \u2013 pirminink\u0117;<\/li>\n\n\n\n<li>An\u017eelika Valiavi\u010dien\u0117, dail\u0117s vyresnioji mokytoja \u2013 pavaduotoja;<\/li>\n\n\n\n<li>Gra\u017eina Subo\u010d, matematikos mokytoja metodinink\u0117 \u2013 nar\u0117;<\/li>\n<\/ul>\n\n\n\n<h3 class=\"wp-block-heading\">Mokini\u0173 pa\u017eym\u0117jim\u0173 apskaitos darbo grup\u0117<\/h3>\n\n\n\n<ul class=\"wp-block-list\">\n<li>Barbara Duden, angl\u0173 kalbos mokytoja \u2013 pirminink\u0117;<\/li>\n\n\n\n<li>Gra\u017eina Tama\u0161auskien\u0117, pradinio ugdymo mokytoja metodinink\u0117 \u2013 pavaduotoja;<\/li>\n\n\n\n<li>Irena Mikulevi\u010d, biologijos vyresnioji mokytoja \u2013 nar\u0117.&nbsp;<\/li>\n<\/ul>\n\n\n\n<h3 class=\"wp-block-heading\">Gimnazijos mokini\u0173 pav\u0117\u017e\u0117jimo darbo grup\u0117<\/h3>\n\n\n\n<ul class=\"wp-block-list\">\n<li>Julija Petrulevi\u010d, direktoriaus pavaduotoja \u016bkio ir administracijos reikalams \u2013 pirminink\u0117;<\/li>\n\n\n\n<li>Valdemaras Balukonis, fizinio ugdymo mokytojas \u2013 pavaduotojas;<\/li>\n\n\n\n<li>Stela Stanulevi\u010d, pradinio ugdymo mokytoja metodinink\u0117 \u2013 nar\u0117;<\/li>\n\n\n\n<li>Kristina U\u017eubalyt\u0117, lietuvi\u0173 kalbos ir literat\u016bros vyresnioji mokytoja \u2013 nar\u0117.<\/li>\n<\/ul>\n\n\n\n<h3 class=\"wp-block-heading\">Karjeros planavimo darbo grup\u0117<\/h3>\n\n\n\n<ul class=\"wp-block-list\">\n<li>Nina Ba\u0161ajevien\u0117, direktoriaus pavaduotoja ugdymui, lietuvi\u0173 kalbos ir literat\u016bros mokytoja metodinink\u0117 \u2013 koordinator\u0117;<\/li>\n\n\n\n<li>Jekaterina Zvereva, dorinio ugdymo mokytoja \u2013 pavaduotoja;<\/li>\n\n\n\n<li>Diana Iljeitien\u0117, bibliotekinink\u0117 \u2013 nar\u0117;<\/li>\n\n\n\n<li>An\u017eelika Valiavi\u010dien\u0117, spec. pedagog\u0117 \u2013 nar\u0117;<\/li>\n\n\n\n<li>Patricija Naimovi\u010diut\u0117, II G klas\u0117s mokin\u0117 \u2013 nar\u0117.<\/li>\n<\/ul>\n\n\n\n<h3 class=\"wp-block-heading\">Projekt\u0173 vykdymo darbo grup\u0117<\/h3>\n\n\n\n<ul class=\"wp-block-list\">\n<li>Barbara Duden, angl\u0173 kalbos mokytoja \u2013 pirminink\u0117;<\/li>\n\n\n\n<li>Daiva Puga\u010diovien\u0117, lietuvi\u0173 kalbos ir literat\u016bros vyresnioji mokytoja \u2013 nar\u0117;<\/li>\n\n\n\n<li>Valentina Fedorovi\u010d, muzikos mokytoja metodinink\u0117 \u2013 nar\u0117;<\/li>\n\n\n\n<li>Ana Kairien\u0117, pradinio ugdymo mokytoja metodinink\u0117 \u2013 nar\u0117;<\/li>\n\n\n\n<li>Jolanta Pa\u0161utien\u0117, pradinio ugdymo mokytoja metodinink\u0117 \u2013 nar\u0117 ;<\/li>\n<\/ul>\n\n\n\n<h3 class=\"wp-block-heading\">\u0160vietimo pagalbos mokiniui ir mokytojui darbo grup\u0117<\/h3>\n\n\n\n<ul class=\"wp-block-list\">\n<li>Nina Ba\u0161ajevien\u0117, direktoriaus pavaduotoja ugdymui \u2013 pirminink\u0117;<\/li>\n\n\n\n<li>An\u017eelika Valiavi\u010dien\u0117, spec. pedagog\u0117 \u2013 pavaduotoja;<\/li>\n\n\n\n<li>Ana Stefanovi\u010d, mokinio pad\u0117j\u0117ja \u2013 nar\u0117;<\/li>\n\n\n\n<li>Jekaterina Zvereva, pagalbos mokiniui specialist\u0117 \u2013 nar\u0117;<\/li>\n\n\n\n<li>Edita Makarova, socialin\u0117 pedagog\u0117 \u2013 nar\u0117.<\/li>\n<\/ul>\n\n\n\n<h3 class=\"wp-block-heading\">Gimnazijos Krizi\u0173 valdymo komanda<\/h3>\n\n\n\n<ul class=\"wp-block-list\">\n<li>Irena Veli\u010dkien\u0117, direktor\u0117 \u2013 koordinator\u0117;<\/li>\n\n\n\n<li>Nina Ba\u0161ajevien\u0117, direktoriaus pavaduotoja ugdymui \u2013 atsakinga u\u017e komunikacij\u0105;<\/li>\n\n\n\n<li>Julija Petrulevi\u010d, direktoriaus pavaduotoja \u016bkio reikalams \u2013 atsakinga u\u017e saugumo priemoni\u0173 organizavim\u0105;<\/li>\n\n\n\n<li>An\u017eelika Valiavi\u010dien\u0117, spec. pedagog\u0117 \u2013 atsakinga u\u017e \u0161vietimo pagalbos teikim\u0105;<\/li>\n\n\n\n<li>Edita Makarova, socialin\u0117 pedagog\u0117 \u2013 atsakinga u\u017e emocin\u0119 pagalb\u0105 mokiniams bei gimnazijos darbuotojams;<\/li>\n\n\n\n<li>Ramun\u0117 Doveikien\u0117, sveikatos prie\u017ei\u016bros specialist\u0117 \u2013 atsakinga u\u017e medicinin\u0119 pagalb\u0105<\/li>\n<\/ul>\n\n\n\n<p><strong><a href=\"https:\/\/www.ausrosgimnazija.kalveliai.vilniausr.lm.lt\/wp-content\/uploads\/2025\/02\/Kriziu-valdymo-tvarka-2025.pdf\">Krizi\u0173 valdymo tvarka<\/a><\/strong><\/p>\n\n\n\n<h3 class=\"wp-block-heading\">Metodini\u0173 grupi\u0173 s\u0105ra\u0161as<\/h3>\n\n\n\n<figure class=\"wp-block-table\"><table class=\"has-fixed-layout\"><tbody><tr><td>Eil. nr.<\/td><td>Metodin\u0117 grup\u0117<\/td><td>Pirminink\u0117<\/td><td>Sekretor\u0117<\/td><td>Nariai<\/td><\/tr><tr><td>1.<\/td><td>Kalbinio ugdymo metodin\u0117 grup\u0117<\/td><td><strong>Nina Ba\u0161ajevien\u0117<\/strong><\/td><td>Kristina U\u017eubalyt\u0117<\/td><td>Irena Veli\u010dkien\u0117, Barbara Duden, Daiva Puga\u010diovien\u0117<\/td><\/tr><tr><td>2.<\/td><td>Visuomeninio, meninio, fizinio ir sveikatos ugdymo metodin\u0117 grup\u0117<\/td><td><strong>Valentina Fedorovi\u010d<\/strong><\/td><td>An\u017eelika Valiavi\u010dien\u0117<\/td><td>Valdemaras Balukonis, Stela Stanulevi\u010d, Jekaterina Zvereva, Arvydas Nork\u016bnas Kristina Dubonien\u0117<\/td><\/tr><tr><td>3.<\/td><td>Matematinio, gamtamokslinio ir technologinio ugdymo metodin\u0117 grup\u0117<\/td><td><strong>Gra\u017eina Subo\u010d<\/strong><\/td><td>Irena Mikulevi\u010d &nbsp;<\/td><td>Alfred Kulakovski, Kristina Slavinska<br>Dmitrij Truk\u0161in, Ana Borkovska, Teresa Narvoi\u0161<\/td><\/tr><tr><td>4.<\/td><td>Prie\u0161mokyklinio ir pradinio ugdymo metodin\u0117 grup\u0117<\/td><td><strong>Jolanta Pa\u0161utien\u0117<\/strong><\/td><td>Stela Stanulevi\u010d<\/td><td>Ana Kairien\u0117, Gra\u017eina Tama\u0161auskien\u0117,<br>Inga Meleikien\u0117<\/td><\/tr><tr><td>5.<\/td><td>Klasi\u0173&nbsp; vadov\u0173 metodin\u0117 grup\u0117<\/td><td><strong>Kristina U\u017eubalyt\u0117<\/strong><\/td><td>Inga Meleikien\u0117<\/td><td>Stela Stanulevi\u010d, Ana Kairien\u0117, Jolanta Pa\u0161utien\u0117,<br>Gra\u017eina Tama\u0161auskien\u0117, Dmitrij Truk\u0161in, Daiva Puga\u010diovien\u0117, Valentina Fedorovi\u010d, An\u017eelika Valiavi\u010dien\u0117<\/td><\/tr><\/tbody><\/table><\/figure>\n\n\n\n<p><strong><a href=\"https:\/\/www.ausrosgimnazija.kalveliai.vilniausr.lm.lt\/wp-content\/uploads\/2025\/03\/Kalbinio-metodines-veiklos-planas-2025.pdf\">Kalbinio ugdymo metodin\u0117s grup\u0117s veiklos planas<\/a><\/strong><\/p>\n\n\n\n<p><strong><a href=\"https:\/\/www.ausrosgimnazija.kalveliai.vilniausr.lm.lt\/wp-content\/uploads\/2025\/03\/Visuomeninio-ugdymo-metodines-grupes-veiklos-planas-2025-m.pdf\">Visuomeninio, meninio, fizinio ir sveikatos ugdymo metodin\u0117s grup\u0117s veiklos planas<\/a><\/strong><\/p>\n\n\n\n<p><strong><a href=\"https:\/\/www.ausrosgimnazija.kalveliai.vilniausr.lm.lt\/wp-content\/uploads\/2025\/03\/GT-veiklos-planas-2025m.pdf\">Matematinio, gamtamokslinio ir technologinio ugdymo metodin\u0117s grup\u0117s veiklos planas<\/a><\/strong><\/p>\n\n\n\n<p><strong><a href=\"https:\/\/www.ausrosgimnazija.kalveliai.vilniausr.lm.lt\/wp-content\/uploads\/2025\/03\/PRAD.-met.-gr.-PLANAS-2025-m.pdf\">Prie\u0161mokyklinio ir pradinio ugdymo metodin\u0117s grup\u0117s veiklos planas<\/a><\/strong><\/p>\n\n\n\n<p><strong><a href=\"https:\/\/www.ausrosgimnazija.kalveliai.vilniausr.lm.lt\/wp-content\/uploads\/2025\/03\/KLASIU-VADOVU-METODINES-GRUPES-VEIKLOS-PLANAS-2025-M.pdf\">Klasi\u0173 vadov\u0173 metodin\u0117s grup\u0117s veiklos planas<\/a><\/strong><\/p>\n\n\n\n<hr class=\"wp-block-separator has-css-opacity\"\/>\n\n\n\n<p>Atnaujinta: 2025-09-01<\/p>\n","protected":false},"excerpt":{"rendered":"<p>Vaiko gerov\u0117s komisija Veiklos planas Mokytoj\u0173 ir pagalbos mokiniui specialist\u0173 (i\u0161skyrus psichologus) atestacijos komisija Veiklos planas Vie\u0161ojo pirkimo komisija Supaprastint\u0173 vie\u0161\u0173j\u0173 pirkim\u0173 komisija: Gimnazijos veiklos kokyb\u0117s \u012fsivertinimo grup\u0117 Gimnazijos veiklos kokyb\u0117s \u012fsivertinimo veiklos planas Nemokamo maitinimo darbo grup\u0117 Mokini\u0173 pa\u017eym\u0117jim\u0173 <a href=\"https:\/\/www.ausros.vilniausr.lm.lt\/?page_id=4566\" class=\"read-more\">Daugiau &#8230;<\/a><\/p>\n","protected":false},"author":3,"featured_media":0,"parent":0,"menu_order":0,"comment_status":"closed","ping_status":"closed","template":"","meta":{"footnotes":""},"class_list":["post-4566","page","type-page","status-publish","hentry"],"_links":{"self":[{"href":"https:\/\/www.ausros.vilniausr.lm.lt\/index.php?rest_route=\/wp\/v2\/pages\/4566","targetHints":{"allow":["GET"]}}],"collection":[{"href":"https:\/\/www.ausros.vilniausr.lm.lt\/index.php?rest_route=\/wp\/v2\/pages"}],"about":[{"href":"https:\/\/www.ausros.vilniausr.lm.lt\/index.php?rest_route=\/wp\/v2\/types\/page"}],"author":[{"embeddable":true,"href":"https:\/\/www.ausros.vilniausr.lm.lt\/index.php?rest_route=\/wp\/v2\/users\/3"}],"replies":[{"embeddable":true,"href":"https:\/\/www.ausros.vilniausr.lm.lt\/index.php?rest_route=%2Fwp%2Fv2%2Fcomments&post=4566"}],"version-history":[{"count":68,"href":"https:\/\/www.ausros.vilniausr.lm.lt\/index.php?rest_route=\/wp\/v2\/pages\/4566\/revisions"}],"predecessor-version":[{"id":12674,"href":"https:\/\/www.ausros.vilniausr.lm.lt\/index.php?rest_route=\/wp\/v2\/pages\/4566\/revisions\/12674"}],"wp:attachment":[{"href":"https:\/\/www.ausros.vilniausr.lm.lt\/index.php?rest_route=%2Fwp%2Fv2%2Fmedia&parent=4566"}],"curies":[{"name":"wp","href":"https:\/\/api.w.org\/{rel}","templated":true}]}}