{"id":4845,"date":"2022-01-25T13:31:25","date_gmt":"2022-01-25T13:31:25","guid":{"rendered":"http:\/\/www.ausrosgimnazija.kalveliai.vilniausr.lm.lt\/?page_id=4845"},"modified":"2022-02-01T13:46:05","modified_gmt":"2022-02-01T13:46:05","slug":"4845-2","status":"publish","type":"page","link":"https:\/\/www.ausros.vilniausr.lm.lt\/?page_id=4845","title":{"rendered":"Kokyb\u0117s krep\u0161elis"},"content":{"rendered":"\n<p><strong><em>KOKYB\u0116S\nKREP\u0160ELIO PROJEKTO VEIKL\u0172 \u012eGYVENDINIMAS<\/em><\/strong><\/p>\n\n\n\n<p><strong><em>&nbsp;KALVELI\u0172 \u201eAU\u0160ROS\u201c GIMNAZIJOJE<\/em><\/strong><\/p>\n\n\n\n<p>Nuo\n2020 met\u0173 gimnazijoje vykdomas \u201eKokyb\u0117s krep\u0161elio\u201c projektas. Bendruomen\u0117s nariai d\u017eiaugiasi\npasiektais rezultatais. Mokytojai, i\u0161klaus\u0119 40 val. kvalifikacijos\ntobulinimo seminar\u0173 (\u201eIntegruotas mokymasis \u0161iuolaiki\u0161koje aplinkoje\u201c, \u201e\u0160iuolaikinio\nmokymo(si) metodai\u201c, \u201eIndividualizavimas ir diferencijavimas pamokoje\u201c, \u201eIKT\nnaudojimas), taik\u0117 \u0161iuolaikinius mokymo(si) metodus, s\u0117kmingai integravo ir\ndiferencijavo ugdymo turin\u012f, efektyviai ir tikslingai naudojo IKT\u201c. Atsi\u017evelgiant\n\u012f skirtingus mokini\u0173 mokymosi poreikius ir geb\u0117jimus, bendradarbiaujant&nbsp; siekta pagerinti mokini\u0173 mokymosi pasiekimus\nir asmenin\u0119 pa\u017eang\u0105, dalintasi\nger\u0105ja darbo patirtimi metodin\u0117s savait\u0117s \u201eKolega-kolegai\u201c metu.<\/p>\n\n\n\n<p style=\"text-align:left\">KK darbo grup\u0117s susitikimas\u00a0\u00a0\u00a0\u00a0\u00a0\u00a0\u00a0\u00a0\u00a0\u00a0\u00a0\u00a0\u00a0\u00a0\u00a0\u00a0\u00a0\u00a0\u00a0\u00a0 <\/p>\n\n\n\n<figure class=\"wp-block-image\"><img loading=\"lazy\" decoding=\"async\" width=\"816\" height=\"643\" src=\"http:\/\/www.ausrosgimnazija.kalveliai.vilniausr.lm.lt\/wp-content\/uploads\/2022\/02\/image.png\" alt=\"\" class=\"wp-image-4847\" srcset=\"https:\/\/www.ausros.vilniausr.lm.lt\/wp-content\/uploads\/2022\/02\/image.png 816w, https:\/\/www.ausros.vilniausr.lm.lt\/wp-content\/uploads\/2022\/02\/image-300x236.png 300w, https:\/\/www.ausros.vilniausr.lm.lt\/wp-content\/uploads\/2022\/02\/image-768x605.png 768w, https:\/\/www.ausros.vilniausr.lm.lt\/wp-content\/uploads\/2022\/02\/image-343x270.png 343w\" sizes=\"auto, (max-width: 816px) 100vw, 816px\" \/><\/figure>\n\n\n\n<p>Gerosios patirties sklaida \u201eKolega-kolegai\u201c\u00a0\u00a0\u00a0\u00a0\u00a0\u00a0\u00a0\u00a0\u00a0\u00a0\u00a0\u00a0\u00a0\u00a0\u00a0\u00a0\u00a0\u00a0\u00a0\u00a0\u00a0\u00a0\u00a0  <\/p>\n\n\n\n<figure class=\"wp-block-image\"><img loading=\"lazy\" decoding=\"async\" width=\"822\" height=\"638\" src=\"http:\/\/www.ausrosgimnazija.kalveliai.vilniausr.lm.lt\/wp-content\/uploads\/2022\/02\/image-1.png\" alt=\"\" class=\"wp-image-4848\" srcset=\"https:\/\/www.ausros.vilniausr.lm.lt\/wp-content\/uploads\/2022\/02\/image-1.png 822w, https:\/\/www.ausros.vilniausr.lm.lt\/wp-content\/uploads\/2022\/02\/image-1-300x233.png 300w, https:\/\/www.ausros.vilniausr.lm.lt\/wp-content\/uploads\/2022\/02\/image-1-768x596.png 768w, https:\/\/www.ausros.vilniausr.lm.lt\/wp-content\/uploads\/2022\/02\/image-1-348x270.png 348w\" sizes=\"auto, (max-width: 822px) 100vw, 822px\" \/><\/figure>\n\n\n\n<p>I\u0161 seminaro&#8230; <\/p>\n\n\n\n<figure class=\"wp-block-image\"><img loading=\"lazy\" decoding=\"async\" width=\"820\" height=\"580\" src=\"http:\/\/www.ausrosgimnazija.kalveliai.vilniausr.lm.lt\/wp-content\/uploads\/2022\/02\/image-2.png\" alt=\"\" class=\"wp-image-4849\" srcset=\"https:\/\/www.ausros.vilniausr.lm.lt\/wp-content\/uploads\/2022\/02\/image-2.png 820w, https:\/\/www.ausros.vilniausr.lm.lt\/wp-content\/uploads\/2022\/02\/image-2-300x212.png 300w, https:\/\/www.ausros.vilniausr.lm.lt\/wp-content\/uploads\/2022\/02\/image-2-768x543.png 768w, https:\/\/www.ausros.vilniausr.lm.lt\/wp-content\/uploads\/2022\/02\/image-2-360x255.png 360w\" sizes=\"auto, (max-width: 820px) 100vw, 820px\" \/><\/figure>\n\n\n\n<p>IKT naudojimas pamokose<\/p>\n\n\n\n<figure class=\"wp-block-image\"><img loading=\"lazy\" decoding=\"async\" width=\"768\" height=\"635\" src=\"http:\/\/www.ausrosgimnazija.kalveliai.vilniausr.lm.lt\/wp-content\/uploads\/2022\/02\/image-3.png\" alt=\"\" class=\"wp-image-4850\" srcset=\"https:\/\/www.ausros.vilniausr.lm.lt\/wp-content\/uploads\/2022\/02\/image-3.png 768w, https:\/\/www.ausros.vilniausr.lm.lt\/wp-content\/uploads\/2022\/02\/image-3-300x248.png 300w, https:\/\/www.ausros.vilniausr.lm.lt\/wp-content\/uploads\/2022\/02\/image-3-327x270.png 327w\" sizes=\"auto, (max-width: 768px) 100vw, 768px\" \/><\/figure>\n\n\n\n<figure class=\"wp-block-image\"><img loading=\"lazy\" decoding=\"async\" width=\"763\" height=\"552\" src=\"http:\/\/www.ausrosgimnazija.kalveliai.vilniausr.lm.lt\/wp-content\/uploads\/2022\/02\/image-4.png\" alt=\"\" class=\"wp-image-4851\" srcset=\"https:\/\/www.ausros.vilniausr.lm.lt\/wp-content\/uploads\/2022\/02\/image-4.png 763w, https:\/\/www.ausros.vilniausr.lm.lt\/wp-content\/uploads\/2022\/02\/image-4-300x217.png 300w, https:\/\/www.ausros.vilniausr.lm.lt\/wp-content\/uploads\/2022\/02\/image-4-360x260.png 360w\" sizes=\"auto, (max-width: 763px) 100vw, 763px\" \/><\/figure>\n\n\n\n<figure class=\"wp-block-image\"><img loading=\"lazy\" decoding=\"async\" width=\"773\" height=\"626\" src=\"http:\/\/www.ausrosgimnazija.kalveliai.vilniausr.lm.lt\/wp-content\/uploads\/2022\/02\/image-5.png\" alt=\"\" class=\"wp-image-4852\" srcset=\"https:\/\/www.ausros.vilniausr.lm.lt\/wp-content\/uploads\/2022\/02\/image-5.png 773w, https:\/\/www.ausros.vilniausr.lm.lt\/wp-content\/uploads\/2022\/02\/image-5-300x243.png 300w, https:\/\/www.ausros.vilniausr.lm.lt\/wp-content\/uploads\/2022\/02\/image-5-768x622.png 768w, https:\/\/www.ausros.vilniausr.lm.lt\/wp-content\/uploads\/2022\/02\/image-5-333x270.png 333w\" sizes=\"auto, (max-width: 773px) 100vw, 773px\" \/><\/figure>\n\n\n\n<p>Siekiant prasmingos integracijos ir mokini\u0173 motyvacijos didinimo5-8 klasi\u0173 skirting\u0173 geb\u0117jim\u0173 mokiniai buvo tikslingai ir kryptingai ugdomi net per nuotol\u012f. 35 procentai mokini\u0173 dalyvavo olimpiadose, edukaciniuose konkursuose \u201eOlympis\u201c, \u201eKeng\u016bra\u201c ir kt.\u00a0 <\/p>\n\n\n\n<figure class=\"wp-block-image\"><img loading=\"lazy\" decoding=\"async\" width=\"737\" height=\"602\" src=\"http:\/\/www.ausrosgimnazija.kalveliai.vilniausr.lm.lt\/wp-content\/uploads\/2022\/02\/image-6.png\" alt=\"\" class=\"wp-image-4853\" srcset=\"https:\/\/www.ausros.vilniausr.lm.lt\/wp-content\/uploads\/2022\/02\/image-6.png 737w, https:\/\/www.ausros.vilniausr.lm.lt\/wp-content\/uploads\/2022\/02\/image-6-300x245.png 300w, https:\/\/www.ausros.vilniausr.lm.lt\/wp-content\/uploads\/2022\/02\/image-6-331x270.png 331w\" sizes=\"auto, (max-width: 737px) 100vw, 737px\" \/><\/figure>\n\n\n\n<p>&nbsp;&nbsp;&nbsp;&nbsp;&nbsp;&nbsp;&nbsp;&nbsp;&nbsp;&nbsp;&nbsp; Mokiniai, tobulindami asmeninius XXI am\u017eiaus geb\u0117jimus, pagerino &nbsp;asmeninius pasiekimus, sustiprino\nmokymosi&nbsp; motyvacij\u0105 ir pasitik\u0117jim\u0105 savo\nj\u0117gomis. Projektin\u0117s veiklos integracija \u012f mokomuosius dalykus paskatino juos\ndalyvauti \u012fvairiose veiklose, drauge analizuoti ir spr\u0119sti problemas, priimti\nbendrus sprendimus ir realizuoti savo geb\u0117jimus, tobulinti&nbsp; vie\u0161ojo kalb\u0117jimo, kalbos kult\u016bros ir\nsocialinius \u012fg\u016bd\u017eius. 31 mokinys\ndalyvavo projekte \u201eDalyvaujamasis biud\u017eetas\u201c.<\/p>\n\n\n\n<p>Projekto \u201eDalyvaujamasis biud\u017eetas\u201c veiklos<\/p>\n\n\n\n<figure class=\"wp-block-image\"><img loading=\"lazy\" decoding=\"async\" width=\"727\" height=\"710\" src=\"http:\/\/www.ausrosgimnazija.kalveliai.vilniausr.lm.lt\/wp-content\/uploads\/2022\/02\/image-7.png\" alt=\"\" class=\"wp-image-4854\" srcset=\"https:\/\/www.ausros.vilniausr.lm.lt\/wp-content\/uploads\/2022\/02\/image-7.png 727w, https:\/\/www.ausros.vilniausr.lm.lt\/wp-content\/uploads\/2022\/02\/image-7-300x293.png 300w, https:\/\/www.ausros.vilniausr.lm.lt\/wp-content\/uploads\/2022\/02\/image-7-276x270.png 276w\" sizes=\"auto, (max-width: 727px) 100vw, 727px\" \/><\/figure>\n\n\n\n<figure class=\"wp-block-image\"><img loading=\"lazy\" decoding=\"async\" width=\"688\" height=\"692\" src=\"http:\/\/www.ausrosgimnazija.kalveliai.vilniausr.lm.lt\/wp-content\/uploads\/2022\/02\/image-8.png\" alt=\"\" class=\"wp-image-4855\" srcset=\"https:\/\/www.ausros.vilniausr.lm.lt\/wp-content\/uploads\/2022\/02\/image-8.png 688w, https:\/\/www.ausros.vilniausr.lm.lt\/wp-content\/uploads\/2022\/02\/image-8-150x150.png 150w, https:\/\/www.ausros.vilniausr.lm.lt\/wp-content\/uploads\/2022\/02\/image-8-298x300.png 298w, https:\/\/www.ausros.vilniausr.lm.lt\/wp-content\/uploads\/2022\/02\/image-8-268x270.png 268w\" sizes=\"auto, (max-width: 688px) 100vw, 688px\" \/><\/figure>\n\n\n\n<p>Projektin\u0117s veiklos integracija \u012f mokomuosius dalykus<\/p>\n\n\n\n<figure class=\"wp-block-image\"><img loading=\"lazy\" decoding=\"async\" width=\"818\" height=\"607\" src=\"http:\/\/www.ausrosgimnazija.kalveliai.vilniausr.lm.lt\/wp-content\/uploads\/2022\/02\/image-9.png\" alt=\"\" class=\"wp-image-4856\" srcset=\"https:\/\/www.ausros.vilniausr.lm.lt\/wp-content\/uploads\/2022\/02\/image-9.png 818w, https:\/\/www.ausros.vilniausr.lm.lt\/wp-content\/uploads\/2022\/02\/image-9-300x223.png 300w, https:\/\/www.ausros.vilniausr.lm.lt\/wp-content\/uploads\/2022\/02\/image-9-768x570.png 768w, https:\/\/www.ausros.vilniausr.lm.lt\/wp-content\/uploads\/2022\/02\/image-9-360x267.png 360w\" sizes=\"auto, (max-width: 818px) 100vw, 818px\" \/><\/figure>\n\n\n\n<figure class=\"wp-block-image\"><img loading=\"lazy\" decoding=\"async\" width=\"798\" height=\"557\" src=\"http:\/\/www.ausrosgimnazija.kalveliai.vilniausr.lm.lt\/wp-content\/uploads\/2022\/02\/image-10.png\" alt=\"\" class=\"wp-image-4857\" srcset=\"https:\/\/www.ausros.vilniausr.lm.lt\/wp-content\/uploads\/2022\/02\/image-10.png 798w, https:\/\/www.ausros.vilniausr.lm.lt\/wp-content\/uploads\/2022\/02\/image-10-300x209.png 300w, https:\/\/www.ausros.vilniausr.lm.lt\/wp-content\/uploads\/2022\/02\/image-10-768x536.png 768w, https:\/\/www.ausros.vilniausr.lm.lt\/wp-content\/uploads\/2022\/02\/image-10-360x251.png 360w\" sizes=\"auto, (max-width: 798px) 100vw, 798px\" \/><\/figure>\n\n\n\n<figure class=\"wp-block-image\"><img loading=\"lazy\" decoding=\"async\" width=\"848\" height=\"648\" src=\"http:\/\/www.ausrosgimnazija.kalveliai.vilniausr.lm.lt\/wp-content\/uploads\/2022\/02\/image-11.png\" alt=\"\" class=\"wp-image-4858\" srcset=\"https:\/\/www.ausros.vilniausr.lm.lt\/wp-content\/uploads\/2022\/02\/image-11.png 848w, https:\/\/www.ausros.vilniausr.lm.lt\/wp-content\/uploads\/2022\/02\/image-11-300x229.png 300w, https:\/\/www.ausros.vilniausr.lm.lt\/wp-content\/uploads\/2022\/02\/image-11-768x587.png 768w, https:\/\/www.ausros.vilniausr.lm.lt\/wp-content\/uploads\/2022\/02\/image-11-353x270.png 353w\" sizes=\"auto, (max-width: 848px) 100vw, 848px\" \/><\/figure>\n\n\n\n<figure class=\"wp-block-image\"><img loading=\"lazy\" decoding=\"async\" width=\"813\" height=\"548\" src=\"http:\/\/www.ausrosgimnazija.kalveliai.vilniausr.lm.lt\/wp-content\/uploads\/2022\/02\/image-12.png\" alt=\"\" class=\"wp-image-4859\" srcset=\"https:\/\/www.ausros.vilniausr.lm.lt\/wp-content\/uploads\/2022\/02\/image-12.png 813w, https:\/\/www.ausros.vilniausr.lm.lt\/wp-content\/uploads\/2022\/02\/image-12-300x202.png 300w, https:\/\/www.ausros.vilniausr.lm.lt\/wp-content\/uploads\/2022\/02\/image-12-768x518.png 768w, https:\/\/www.ausros.vilniausr.lm.lt\/wp-content\/uploads\/2022\/02\/image-12-360x243.png 360w\" sizes=\"auto, (max-width: 813px) 100vw, 813px\" \/><\/figure>\n\n\n\n<p>Edukacin\u0117 ugdymo aplinka, programin\u0117 \u012franga ir\nskaitmenin\u0117 technika gimnazijoje atnaujinta i\u0161 KK projekto l\u0117\u0161\u0173 ir pritaikyta\nmokini\u0173 dalykini\u0173 ir bendr\u0173j\u0173 kompetencij\u0173 ugdymui.Skaitmenin\u0117s\npriemon\u0117s ir kiti IKT \u012frankiai naudojami u\u017eduo\u010di\u0173 diferencijavimui ir&nbsp; individualizavimui. \u012esigytos Eduka klas\u0117s skaitmenin\u0117s platformos\nlicencijos mokiniams ir mokytojams bei interaktyvios priemon\u0117s&nbsp; On Screen 1\/2 WhiteboardSoftware.<\/p>\n\n\n\n<p>\u00a0\u00a0\u00a0\u00a0\u00a0\u00a0\u00a0\u00a0\u00a0\u00a0\u00a0\u00a0\u00a0\u00a0\u00a0\u00a0\u00a0\u00a0\u00a0\u00a0\u00a0 Eduka klas\u0117s skaitmenin\u0117 platforma\u00a0\u00a0\u00a0\u00a0\u00a0\u00a0\u00a0\u00a0\u00a0\u00a0\u00a0 Interaktyvios angl\u0173 kalbos priemon\u0117s<\/p>\n\n\n\n<figure class=\"wp-block-image\"><img loading=\"lazy\" decoding=\"async\" width=\"751\" height=\"736\" src=\"http:\/\/www.ausrosgimnazija.kalveliai.vilniausr.lm.lt\/wp-content\/uploads\/2022\/02\/image-14.png\" alt=\"\" class=\"wp-image-4861\" srcset=\"https:\/\/www.ausros.vilniausr.lm.lt\/wp-content\/uploads\/2022\/02\/image-14.png 751w, https:\/\/www.ausros.vilniausr.lm.lt\/wp-content\/uploads\/2022\/02\/image-14-300x294.png 300w, https:\/\/www.ausros.vilniausr.lm.lt\/wp-content\/uploads\/2022\/02\/image-14-276x270.png 276w\" sizes=\"auto, (max-width: 751px) 100vw, 751px\" \/><\/figure>\n\n\n\n<figure class=\"wp-block-image\"><img loading=\"lazy\" decoding=\"async\" width=\"737\" height=\"643\" src=\"http:\/\/www.ausrosgimnazija.kalveliai.vilniausr.lm.lt\/wp-content\/uploads\/2022\/02\/image-15.png\" alt=\"\" class=\"wp-image-4862\" srcset=\"https:\/\/www.ausros.vilniausr.lm.lt\/wp-content\/uploads\/2022\/02\/image-15.png 737w, https:\/\/www.ausros.vilniausr.lm.lt\/wp-content\/uploads\/2022\/02\/image-15-300x262.png 300w, https:\/\/www.ausros.vilniausr.lm.lt\/wp-content\/uploads\/2022\/02\/image-15-309x270.png 309w\" sizes=\"auto, (max-width: 737px) 100vw, 737px\" \/><\/figure>\n\n\n\n<p>Skirting\u0173 geb\u0117jim\u0173 mokiniams kuriamos modernios aplinkos. \u012erengtos\u00a0 kompiuterizuotos darbo vietos (bibliotekoje ir kitose gimnazijos erdv\u0117se). Priemon\u0117mis pagal poreik\u012f naudojasi gimnazijos bendruomen\u0117. I\u0161 viso panaudota\u00a0 29491 Eur. KK projekto l\u0117\u0161\u0173.<\/p>\n\n\n\n<figure class=\"wp-block-image\"><img loading=\"lazy\" decoding=\"async\" width=\"805\" height=\"663\" src=\"http:\/\/www.ausrosgimnazija.kalveliai.vilniausr.lm.lt\/wp-content\/uploads\/2022\/02\/image-16.png\" alt=\"\" class=\"wp-image-4863\" srcset=\"https:\/\/www.ausros.vilniausr.lm.lt\/wp-content\/uploads\/2022\/02\/image-16.png 805w, https:\/\/www.ausros.vilniausr.lm.lt\/wp-content\/uploads\/2022\/02\/image-16-300x247.png 300w, https:\/\/www.ausros.vilniausr.lm.lt\/wp-content\/uploads\/2022\/02\/image-16-768x633.png 768w, https:\/\/www.ausros.vilniausr.lm.lt\/wp-content\/uploads\/2022\/02\/image-16-328x270.png 328w\" sizes=\"auto, (max-width: 805px) 100vw, 805px\" \/><\/figure>\n\n\n\n<p>Direktoriaus\npavaduotoja ugdymui Nina Ba\u0161ajevien\u0117, pradinio ugdymo metodin\u0117s grup\u0117s\npirminink\u0117 Jolanta Pa\u0161utien\u0117, kalb\u0173 metodin\u0117s grup\u0117s pirminink\u0117 Irina\nToma\u0161evi\u010d, gamtos ir tiksli\u0173j\u0173 moksl\u0173 metodin\u0117s grup\u0117s pirminink\u0117 Gra\u017eina Subo\u010d\nir socialin\u0117 pedagog\u0117 Edita Makarova<\/p>\n","protected":false},"excerpt":{"rendered":"<p>KOKYB\u0116S KREP\u0160ELIO PROJEKTO VEIKL\u0172 \u012eGYVENDINIMAS &nbsp;KALVELI\u0172 \u201eAU\u0160ROS\u201c GIMNAZIJOJE Nuo 2020 met\u0173 gimnazijoje vykdomas \u201eKokyb\u0117s krep\u0161elio\u201c projektas. Bendruomen\u0117s nariai d\u017eiaugiasi pasiektais rezultatais. Mokytojai, i\u0161klaus\u0119 40 val. kvalifikacijos tobulinimo seminar\u0173 (\u201eIntegruotas mokymasis \u0161iuolaiki\u0161koje aplinkoje\u201c, \u201e\u0160iuolaikinio mokymo(si) metodai\u201c, \u201eIndividualizavimas ir diferencijavimas pamokoje\u201c, \u201eIKT <a href=\"https:\/\/www.ausros.vilniausr.lm.lt\/?page_id=4845\" class=\"read-more\">Daugiau &#8230;<\/a><\/p>\n","protected":false},"author":3,"featured_media":0,"parent":0,"menu_order":0,"comment_status":"closed","ping_status":"closed","template":"","meta":{"footnotes":""},"class_list":["post-4845","page","type-page","status-publish","hentry"],"_links":{"self":[{"href":"https:\/\/www.ausros.vilniausr.lm.lt\/index.php?rest_route=\/wp\/v2\/pages\/4845","targetHints":{"allow":["GET"]}}],"collection":[{"href":"https:\/\/www.ausros.vilniausr.lm.lt\/index.php?rest_route=\/wp\/v2\/pages"}],"about":[{"href":"https:\/\/www.ausros.vilniausr.lm.lt\/index.php?rest_route=\/wp\/v2\/types\/page"}],"author":[{"embeddable":true,"href":"https:\/\/www.ausros.vilniausr.lm.lt\/index.php?rest_route=\/wp\/v2\/users\/3"}],"replies":[{"embeddable":true,"href":"https:\/\/www.ausros.vilniausr.lm.lt\/index.php?rest_route=%2Fwp%2Fv2%2Fcomments&post=4845"}],"version-history":[{"count":2,"href":"https:\/\/www.ausros.vilniausr.lm.lt\/index.php?rest_route=\/wp\/v2\/pages\/4845\/revisions"}],"predecessor-version":[{"id":4864,"href":"https:\/\/www.ausros.vilniausr.lm.lt\/index.php?rest_route=\/wp\/v2\/pages\/4845\/revisions\/4864"}],"wp:attachment":[{"href":"https:\/\/www.ausros.vilniausr.lm.lt\/index.php?rest_route=%2Fwp%2Fv2%2Fmedia&parent=4845"}],"curies":[{"name":"wp","href":"https:\/\/api.w.org\/{rel}","templated":true}]}}