{"id":5951,"date":"2022-10-09T11:06:10","date_gmt":"2022-10-09T11:06:10","guid":{"rendered":"http:\/\/www.ausrosgimnazija.kalveliai.vilniausr.lm.lt\/?page_id=5951"},"modified":"2025-10-17T07:14:17","modified_gmt":"2025-10-17T07:14:17","slug":"pavezejimas","status":"publish","type":"page","link":"https:\/\/www.ausros.vilniausr.lm.lt\/?page_id=5951","title":{"rendered":"Pav\u0117\u017e\u0117jimas"},"content":{"rendered":"\n<p>Mokiniai&nbsp;\u012f gimnazij\u0105 ve\u017eami keleiviniu transportu, mokykliniu autobusu arba kitu transportu.&nbsp;Siekiant u\u017etikrinti \u0161vietimo prieinamum\u0105,&nbsp;\u012f mokykl\u0105 ir atgal privalo b\u016bti&nbsp;ve\u017eami kaimuose, miesteliuose toliau kaip 3&nbsp;kilometrai nuo mokyklos gyvenantys mokiniai, kurie mokosi pagal prie\u0161mokyklinio ir bendrojo ugdymo programas, ir vaikai, kuriems paskirtas privalomas ikimokyklinis ugdymas.&nbsp;<\/p>\n\n\n\n<p>Mokini\u0173, kurie turi speciali\u0173j\u0173 ugdymosi poreiki\u0173 ir nepaj\u0117gia patys atvykti \u012f mokykl\u0105 mokytis pagal prie\u0161mokyklinio ugdymo ar bendrojo ugdymo programas (negali savaranki\u0161kai vaik\u0161\u010dioti, d\u0117l dideli\u0173 sutrikim\u0173 yra nesaug\u016bs gatv\u0117je), ve\u017eim\u0105 \u012f mokykl\u0105 ir atgal organizuoja savivaldyb\u0117 <\/p>\n\n\n\n<p><a href=\"https:\/\/www.vrsa.lt\/svietimas\/svietimo-istaigu-paslaugos\/mokiniu-pavezejimas\/395\">https:\/\/www.vrsa.lt\/svietimas\/svietimo-istaigu-paslaugos\/mokiniu-pavezejimas\/395<\/a> &nbsp;<\/p>\n\n\n\n<p><strong>Gimnazija turi 2 mokyklinius autobusus:<\/strong><\/p>\n\n\n\n<p>IVECO, Valstybinis numeris: GEG 311, Vairuotojas: Stanislav Spiridovi\u010d<\/p>\n\n\n\n<p>IVECO, Valstybinis numeris: LFF 488, Vairuotojas: Vladislovas Kalesnikas<\/p>\n\n\n\n<p><a href=\"https:\/\/www.ausros.vilniausr.lm.lt\/wp-content\/uploads\/2025\/10\/Autobuso-tvarkarasciai-tinklapis-2025.pdf\">AUTOBUSO TVARKARA\u0160TIS 2025-2026 M. M.<\/a><\/p>\n\n\n\n<p><strong>Mokini\u0173 pav\u0117\u017e\u0117jimas gimnazijoje organizuojamas remiantis \u0161iais teis\u0117s aktais:<\/strong><\/p>\n\n\n\n<p><strong>Vilniaus rajono savivaldyb\u0117s \u0161vietimo \u012fstaig\u0173 mokyklini\u0173 autobus\u0173 naudojimo tvarkos apra\u0161as<\/strong> <a href=\"https:\/\/www.e-tar.lt\/portal\/lt\/legalAct\/6a61a8e04afb11e5a38cd6cdb94b0c51\">https:\/\/www.e-tar.lt\/portal\/lt\/legalAct\/6a61a8e04afb11e5a38cd6cdb94b0c51<\/a><\/p>\n\n\n\n<p><strong>Mokini\u0173 ve\u017eimo mokykliniu autobusu tvarkos apra\u0161as<\/strong><\/p>\n\n\n\n<p><a href=\"https:\/\/www.e-tar.lt\/portal\/lt\/legalAct\/1e475f303eb711e6a8ae9e1795984391\/asr\">https:\/\/www.e-tar.lt\/portal\/lt\/legalAct\/1e475f303eb711e6a8ae9e1795984391\/asr<\/a><\/p>\n\n\n\n<p><strong>Mokini\u0173 pav\u0117\u017e\u0117jimo t\u0117v\u0173 (glob\u0117j\u0173, r\u016bpintoj\u0173), priva\u010diu transportu organizavimo ir kelion\u0117s i\u0161laid\u0173 kompensavimo tvarkos apra\u0161as<\/strong><\/p>\n\n\n\n<p><a href=\"https:\/\/www.e-tar.lt\/portal\/lt\/legalAct\/4495f8e1850611ecbd43a994b3e2e1cb\">https:\/\/www.e-tar.lt\/portal\/lt\/legalAct\/4495f8e1850611ecbd43a994b3e2e1cb<\/a><\/p>\n\n\n\n<p><strong>Mokini\u0173 ve\u017eiojimo Vilniaus rajone specialiaisiais reisais tvarkos apra\u0161as<\/strong> <\/p>\n\n\n\n<p><a href=\"https:\/\/www.e-tar.lt\/portal\/lt\/legalAct\/64c466f0e0dd11ec8d9390588bf2de65\">https:\/\/www.e-tar.lt\/portal\/lt\/legalAct\/64c466f0e0dd11ec8d9390588bf2de65<\/a><\/p>\n\n\n\n<p><strong>Vilniaus rajono savivaldyb\u0117s teritorijoje esan\u010di\u0173 mokykl\u0173 mokini\u0173 ve\u017eiojimo reguliaraus susisiekimo, mokykliniais autobusais, keleiviniais traukiniais ir j\u0173 kelion\u0117s i\u0161laid\u0173 kompensavimo tvarkos apra\u0161as<\/strong><\/p>\n\n\n\n<p><a href=\"https:\/\/www.e-tar.lt\/portal\/lt\/legalAct\/SAV.518884\">https:\/\/www.e-tar.lt\/portal\/lt\/legalAct\/SAV.518884<\/a><\/p>\n\n\n\n<p><strong>D\u0117l teis\u0117s \u012fsigyti va\u017eiavimo biliet\u0105 su nuolaida mokiniams<\/strong><\/p>\n\n\n\n<p><a href=\"https:\/\/www.e-tar.lt\/portal\/lt\/legalAct\/69fde250840211ecbd43a994b3e2e1cb\">https:\/\/www.e-tar.lt\/portal\/lt\/legalAct\/69fde250840211ecbd43a994b3e2e1cb<\/a><\/p>\n\n\n\n<p><strong>Mokini\u0173 va\u017eiavimo keleiviniu transportu lengvatas nustato Lietuvos Respublikos transporto lengvat\u0173 \u012fstatymas <\/strong><\/p>\n\n\n\n<p><a href=\"https:\/\/www.e-tar.lt\/portal\/lt\/legalAct\/TAR.033D686E8F1B\">https:\/\/www.e-tar.lt\/portal\/lt\/legalAct\/TAR.033D686E8F1B<\/a><\/p>\n","protected":false},"excerpt":{"rendered":"<p>Mokiniai&nbsp;\u012f gimnazij\u0105 ve\u017eami keleiviniu transportu, mokykliniu autobusu arba kitu transportu.&nbsp;Siekiant u\u017etikrinti \u0161vietimo prieinamum\u0105,&nbsp;\u012f mokykl\u0105 ir atgal privalo b\u016bti&nbsp;ve\u017eami kaimuose, miesteliuose toliau kaip 3&nbsp;kilometrai nuo mokyklos gyvenantys mokiniai, kurie mokosi pagal prie\u0161mokyklinio ir bendrojo ugdymo programas, ir vaikai, kuriems paskirtas privalomas <a href=\"https:\/\/www.ausros.vilniausr.lm.lt\/?page_id=5951\" class=\"read-more\">Daugiau &#8230;<\/a><\/p>\n","protected":false},"author":3,"featured_media":0,"parent":0,"menu_order":0,"comment_status":"closed","ping_status":"closed","template":"","meta":{"footnotes":""},"class_list":["post-5951","page","type-page","status-publish","hentry"],"_links":{"self":[{"href":"https:\/\/www.ausros.vilniausr.lm.lt\/index.php?rest_route=\/wp\/v2\/pages\/5951","targetHints":{"allow":["GET"]}}],"collection":[{"href":"https:\/\/www.ausros.vilniausr.lm.lt\/index.php?rest_route=\/wp\/v2\/pages"}],"about":[{"href":"https:\/\/www.ausros.vilniausr.lm.lt\/index.php?rest_route=\/wp\/v2\/types\/page"}],"author":[{"embeddable":true,"href":"https:\/\/www.ausros.vilniausr.lm.lt\/index.php?rest_route=\/wp\/v2\/users\/3"}],"replies":[{"embeddable":true,"href":"https:\/\/www.ausros.vilniausr.lm.lt\/index.php?rest_route=%2Fwp%2Fv2%2Fcomments&post=5951"}],"version-history":[{"count":10,"href":"https:\/\/www.ausros.vilniausr.lm.lt\/index.php?rest_route=\/wp\/v2\/pages\/5951\/revisions"}],"predecessor-version":[{"id":12845,"href":"https:\/\/www.ausros.vilniausr.lm.lt\/index.php?rest_route=\/wp\/v2\/pages\/5951\/revisions\/12845"}],"wp:attachment":[{"href":"https:\/\/www.ausros.vilniausr.lm.lt\/index.php?rest_route=%2Fwp%2Fv2%2Fmedia&parent=5951"}],"curies":[{"name":"wp","href":"https:\/\/api.w.org\/{rel}","templated":true}]}}