{"id":6182,"date":"2022-10-11T10:12:49","date_gmt":"2022-10-11T10:12:49","guid":{"rendered":"http:\/\/www.ausrosgimnazija.kalveliai.vilniausr.lm.lt\/?page_id=6182"},"modified":"2026-03-04T09:30:43","modified_gmt":"2026-03-04T09:30:43","slug":"gimnazijos-tvarkos-bei-taisykles","status":"publish","type":"page","link":"https:\/\/www.ausros.vilniausr.lm.lt\/?page_id=6182","title":{"rendered":"Gimnazijos tvarkos bei taisykl\u0117s"},"content":{"rendered":"\n<figure class=\"wp-block-table alignleft\"><table><tbody><tr><td class=\"has-text-align-left\" data-align=\"left\">1. <a href=\"https:\/\/www.ausros.vilniausr.lm.lt\/wp-content\/uploads\/2025\/09\/KALVELIU-AUSROS\u2018\u2018-GIMNAZIJOS.pdf\">Vilniaus r. Kalveli\u0173 &#8222;Au\u0161ros&#8221; gimnazijos vidaus darbo tvarkos taisykl\u0117s<\/a><\/td><\/tr><tr><td class=\"has-text-align-left\" data-align=\"left\">2. <a href=\"https:\/\/www.ausrosgimnazija.kalveliai.vilniausr.lm.lt\/wp-content\/uploads\/2022\/10\/Vilniaus-r.-Kalveliu-Ausros-gimnazijos-asmenu-aptarnavimo-ir-ju-prasymu-nagrinejimo-tvarkos-aprasas.pdf\">Vilniaus r. Kalveli\u0173 &#8222;Au\u0161ros&#8221; gimnazijos asmen\u0173 aptarnavimo ir j\u0173 pra\u0161ym\u0173 nagrin\u0117jimo tvarkos apra\u0161as<\/a><\/td><\/tr><tr><td class=\"has-text-align-left\" data-align=\"left\">3. <a href=\"https:\/\/www.ausrosgimnazija.kalveliai.vilniausr.lm.lt\/wp-content\/uploads\/2022\/10\/Vilniaus-r.-Kalveliu-Ausros-gimnazijos-pedagogu-etikos-kodeksas.pdf\">Vilniaus r. Kalveli\u0173 &#8222;Au\u0161ros&#8221; gimnazijos pedagog\u0173 etikos kodeksas<\/a><\/td><\/tr><tr><td class=\"has-text-align-left\" data-align=\"left\">4. <a href=\"https:\/\/www.ausrosgimnazija.kalveliai.vilniausr.lm.lt\/wp-content\/uploads\/2022\/10\/Vilniaus-r.-Kalveliu-Ausros-gimnazijos-zmoniu-evakavimo-planas.pdf\">Vilniaus r. Kalveli\u0173 &#8222;Au\u0161ros&#8221; gimnazijos \u017emoni\u0173 evakavimo planas<\/a><\/td><\/tr><tr><td class=\"has-text-align-left\" data-align=\"left\">5. <a href=\"https:\/\/www.ausrosgimnazija.kalveliai.vilniausr.lm.lt\/wp-content\/uploads\/2022\/10\/Vilniaus-r.-Kalveliu-Ausros-gimnazijos-ekstremaliuju-situaciju-valdymo-planas.pdf\">Vilniaus r. Kalveli\u0173 &#8222;Au\u0161ros&#8221; gimnazijos ekstremali\u0173j\u0173 situacij\u0173 valdymo planas<\/a><\/td><\/tr><tr><td class=\"has-text-align-left\" data-align=\"left\">6. <a href=\"https:\/\/www.ausrosgimnazija.kalveliai.vilniausr.lm.lt\/wp-content\/uploads\/2022\/10\/Vilniaus-r.-Kalveliu-Ausros-gimnazijos-elektroninio-dienyno-tvarkymo-nuostatai.pdf\">Vilniaus r. Kalveli\u0173 &#8222;Au\u0161ros&#8221; gimnazijos elektroninio dienyno tvarkymo nuostatai<\/a><\/td><\/tr><tr><td class=\"has-text-align-left\" data-align=\"left\">7. <a href=\"https:\/\/www.ausrosgimnazija.kalveliai.vilniausr.lm.lt\/wp-content\/uploads\/2022\/10\/Vilniaus-r.-Kalveliu-Ausros-gimnazijos-priesmokyklinio-ugdymo-organizavimo-tvarkos-aprasas.pdf\">Vilniaus r. Kalveli\u0173 &#8222;Au\u0161ros&#8221; gimnazijos prie\u0161mokyklinio ugdymo organizavimo tvarkos apra\u0161as<\/a><\/td><\/tr><tr><td class=\"has-text-align-left\" data-align=\"left\">8. <a href=\"https:\/\/www.ausros.vilniausr.lm.lt\/wp-content\/uploads\/2025\/10\/Vilniaus-r.-Kalveliu-Ausros-gimnazijos-mokiniu-pazangos-ir-pasiekimu-vertinimo-tvarkos-aprasas.pdf\">Vilniaus r. Kalveli\u0173 &#8222;Au\u0161ros&#8221; gimnazijos mokini\u0173 pa\u017eangos ir pasiekim\u0173 vertinimo tvarkos apra\u0161as<\/a><\/td><\/tr><tr><td class=\"has-text-align-left\" data-align=\"left\">9. <a href=\"https:\/\/www.ausros.vilniausr.lm.lt\/wp-content\/uploads\/2025\/10\/LANKOMUMO-TVARKA.pdf\">Vilniaus r. Kalveli\u0173 \u201eAu\u0161ros\u201c gimnazijos lankomumo u\u017etikrinimo tvarkos apra\u0161as<\/a><\/td><\/tr><tr><td class=\"has-text-align-left\" data-align=\"left\">10. <a href=\"https:\/\/www.ausrosgimnazija.kalveliai.vilniausr.lm.lt\/wp-content\/uploads\/2022\/10\/Vilniaus-r.-Kalveliu-Ausros-gimnazijos-smurto-ir-patyciu-prevencijos-bei-intervencijos-vykdymo-tvarkos-aprasas.pdf\">Vilniaus r. Kalveli\u0173 &#8222;Au\u0161ros&#8221; gimnazijos smurto ir paty\u010di\u0173 prevencijos bei intervencijos vykdymo tvarkos apra\u0161as<\/a><\/td><\/tr><tr><td class=\"has-text-align-left\" data-align=\"left\">11. <a href=\"https:\/\/www.ausrosgimnazija.kalveliai.vilniausr.lm.lt\/wp-content\/uploads\/2022\/10\/Vilniaus-r.-Kalveliu-Ausros-gimnazijos-mokiniu-skatinimo-ir-drausminimo-tvarkos-aprasas.pdf\">Vilniaus r. Kalveli\u0173 &#8222;Au\u0161ros&#8221; gimnazijos mokini\u0173 skatinimo ir drausminimo tvarkos apra\u0161as<\/a><\/td><\/tr><tr><td class=\"has-text-align-left\" data-align=\"left\">12. <a href=\"https:\/\/www.ausros.vilniausr.lm.lt\/wp-content\/uploads\/2026\/03\/NEMOKAMO-MAITINIMO-TVARKOS-APRASAS.pdf\">Maitinimo organizavimo Vilniaus r. Kalveli\u0173 &#8222;Au\u0161ros&#8221; gimnazijos tvarkos apra\u0161as<\/a> \u00a0<\/td><\/tr><tr><td class=\"has-text-align-left\" data-align=\"left\">13. <a href=\"http:\/\/www.ausrosgimnazija.kalveliai.vilniausr.lm.lt\/wp-content\/uploads\/2022\/10\/KALVELIU-\u201eAUSROS-GIMNAZIJOS-SVIETIMO-PAGALBOS-MOKINIUI-TEIKIMO-TVARKOS-APRASAS.pdf\">Vilniaus r. Kalveli\u0173 &#8222;Au\u0161ros&#8221; gimnazijos \u0161vietimo pagalbos mokiniui teikimo tvarkos apra\u0161as<\/a><\/td><\/tr><tr><td class=\"has-text-align-left\" data-align=\"left\">14. <a href=\"https:\/\/www.ausrosgimnazija.kalveliai.vilniausr.lm.lt\/wp-content\/uploads\/2025\/03\/Gimnazijos-renginiu-org.-tvarka2025.pdf\">Vilniaus r. Kalveli\u0173 &#8222;Au\u0161ros&#8221; gimnazijos rengini\u0173 organizavimo tvarkos apra\u0161as<\/a><\/td><\/tr><tr><td class=\"has-text-align-left\" data-align=\"left\">15. <a href=\"https:\/\/www.ausrosgimnazija.kalveliai.vilniausr.lm.lt\/wp-content\/uploads\/2023\/11\/Dalyku-kurso-keitimo-tvarka2023-1.pdf\">Vilniaus r. Kalveli\u0173 &#8222;Au\u0161ros&#8221; gimnazijos mokomojo dalyko, dalyko programos kurso, modulio, pasirenkamojo dalyko pasirinkimo ar keitimo tvarkos apra\u0161as<\/a><\/td><\/tr><tr><td class=\"has-text-align-left\" data-align=\"left\">16. <a href=\"https:\/\/www.ausrosgimnazija.kalveliai.vilniausr.lm.lt\/wp-content\/uploads\/2024\/10\/PAILGINTOS-DIENOS-GRUPE.pdf\">Vilniaus r. Kalveli\u0173 &#8222;Au\u0161ros&#8221; gimnazijos pailgintos dienos (popamokin\u0117s veiklos) grup\u0117s organizavimo tvarkos apra\u0161as<\/a><\/td><\/tr><tr><td class=\"has-text-align-left\" data-align=\"left\">17. <a href=\"https:\/\/www.ausrosgimnazija.kalveliai.vilniausr.lm.lt\/wp-content\/uploads\/2024\/06\/Asmens-duomenu-tvarkymo-gimnazijoje-taisykles.pdf\">Vilniaus r. Kalveli\u0173 &#8222;Au\u0161ros&#8221; gimnazijos asmens duomen\u0173 tvarkymo taisykl\u0117s<\/a><\/td><\/tr><tr><td class=\"has-text-align-left\" data-align=\"left\">18. <a href=\"http:\/\/www.ausrosgimnazija.kalveliai.vilniausr.lm.lt\/wp-content\/uploads\/2022\/10\/SAUGAUS-ELGESIO-INTERNETE-TAISYKLES.pdf\">Vilniaus r. Kalveli\u0173 &#8222;Au\u0161ros&#8221; gimnazijos saugaus elgesio internete taisykl\u0117s<\/a><\/td><\/tr><tr><td class=\"has-text-align-left\" data-align=\"left\">19. <a href=\"https:\/\/www.ausrosgimnazija.kalveliai.vilniausr.lm.lt\/wp-content\/uploads\/2022\/10\/Vilniaus-r.-Kalveliu-Ausros-gimnazijos-kompiuteriu-tinklo-naudojimo-taisykles-1.pdf\">Vilniaus r. Kalveli\u0173 &#8222;Au\u0161ros&#8221; gimnazijos kompiuteri\u0173 tinklo naudojimo taisykl\u0117s<\/a><\/td><\/tr><tr><td class=\"has-text-align-left\" data-align=\"left\">20. <a href=\"https:\/\/www.ausrosgimnazija.kalveliai.vilniausr.lm.lt\/wp-content\/uploads\/2022\/10\/Vilniaus-r.-Kalveliu-Ausros-gimnazijos-naudojimosi-kompiuteriais-taisykles.pdf\">Vilniaus r. Kalveli\u0173 &#8222;Au\u0161ros&#8221; gimnazijos naudojimosi kompiuteriais taisykl\u0117s<\/a><\/td><\/tr><tr><td class=\"has-text-align-left\" data-align=\"left\">21. <a href=\"https:\/\/www.ausrosgimnazija.kalveliai.vilniausr.lm.lt\/wp-content\/uploads\/2025\/03\/Apmokejimo-sistema.pdf\">Vilniaus r. Kalveli\u0173 &#8222;Au\u0161ros&#8221; gimnazijos darbuotoj\u0173 darbo apmok\u0117jimo sistemos apra\u0161as<\/a><\/td><\/tr><tr><td class=\"has-text-align-left\" data-align=\"left\">22. <a href=\"https:\/\/www.ausrosgimnazija.kalveliai.vilniausr.lm.lt\/wp-content\/uploads\/2022\/10\/Metodines-veiklos-tvarkos-aprasas-2022-10-19.pdf\">Vilniaus r. Kalveli\u0173 &#8222;Au\u0161ros&#8221; gimnazijos mokytoj\u0173 metodin\u0117s veiklos organizavimo tvarkos apra\u0161as<\/a><\/td><\/tr><tr><td class=\"has-text-align-left\" data-align=\"left\">23. <a href=\"https:\/\/www.ausrosgimnazija.kalveliai.vilniausr.lm.lt\/wp-content\/uploads\/2022\/10\/Vilniaus-r.-Kalveliu-Ausros-gimnazijos-lygiu-galimybiu-politikos-igyvendinimo-ir-vykdymo-prieziuros-tvarkos-aprasas.pdf\">Vilniaus r. Kalveli\u0173 &#8222;Au\u0161ros&#8221; gimnazijos lygi\u0173 galimybi\u0173 politikos \u012fgyvendinimo ir vykdymo prie\u017ei\u016bros tvarkos apra\u0161as<\/a><\/td><\/tr><tr><td class=\"has-text-align-left\" data-align=\"left\">24. <a href=\"https:\/\/www.ausrosgimnazija.kalveliai.vilniausr.lm.lt\/wp-content\/uploads\/2022\/10\/Vilniaus-r.-Kalveliu-Ausros-gimnazijos-mobingo-ir-psichologinio-smurto-darbo-aplinkoje-prevencijos-ir-intervencijos-tvarkos-aprasas.pdf\">Vilniaus r. Kalveli\u0173 &#8222;Au\u0161ros&#8221; gimnazijos mobingo ir psichologinio smurto darbo aplinkoje prevencijos ir intervencijos tvarkos apra\u0161as<\/a><\/td><\/tr><tr><td class=\"has-text-align-left\" data-align=\"left\">25. <a href=\"https:\/\/www.ausrosgimnazija.kalveliai.vilniausr.lm.lt\/wp-content\/uploads\/2022\/10\/Vilniaus-r.-Kalveliu-Ausros-gimnazijos-mokiniu-tevu-globeju-rupintoju-informavimo-ir-svietimo-tvarkos-aprasas.pdf\">Vilniaus r. Kalveli\u0173 &#8222;Au\u0161ros&#8221; gimnazijos mokini\u0173 t\u0117v\u0173 (glob\u0117j\u0173, r\u016bpintoj\u0173) informavimo ir \u0161vietimo tvarkos apra\u0161as<\/a><\/td><\/tr><tr><td class=\"has-text-align-left\" data-align=\"left\">26. <a href=\"https:\/\/www.ausrosgimnazija.kalveliai.vilniausr.lm.lt\/wp-content\/uploads\/2022\/10\/Vilniaus-r.-Kalveliu-Ausros-gimnazijos-mokykliniu-uniformu-devejimo-tvarkos-aprasas.pdf\">Vilniaus r. Kalveli\u0173 &#8222;Au\u0161ros&#8221; gimnazijos mokyklini\u0173 uniform\u0173 d\u0117v\u0117jimo tvarkos apra\u0161as<\/a><\/td><\/tr><tr><td class=\"has-text-align-left\" data-align=\"left\">27. <a href=\"https:\/\/www.ausrosgimnazija.kalveliai.vilniausr.lm.lt\/wp-content\/uploads\/2024\/06\/CCF_000852.pdf\">Vilniaus r. Kalveli\u0173 &#8222;Au\u0161ros&#8221; gimnazijos apr\u016bpinimo bendrojo ugdymo dalyk\u0173 vadov\u0117liais ir mokymo priemon\u0117mis tvarkos apra\u0161as<\/a><\/td><\/tr><tr><td class=\"has-text-align-left\" data-align=\"left\">28. <a href=\"https:\/\/www.ausrosgimnazija.kalveliai.vilniausr.lm.lt\/wp-content\/uploads\/2025\/03\/CCF_000073.pdf\">Vilniaus r. Kalveli\u0173 &#8222;Au\u0161ros&#8221; gimnazijos vidaus kontrol\u0117s politika<\/a><\/td><\/tr><tr><td class=\"has-text-align-left\" data-align=\"left\">29. <a href=\"https:\/\/www.ausrosgimnazija.kalveliai.vilniausr.lm.lt\/wp-content\/uploads\/2022\/10\/Vilniaus-r.-Kalveliu-Ausros-gimnazijos-pirmosios-pagalbos-teikimo-mokykloje-tvarkos-aprasas.pdf\">Vilniaus r. Kalveli\u0173 &#8222;Au\u0161ros&#8221; gimnazijos pirmosios pagalbos teikimo mokykloje tvarkos apra\u0161as<\/a><\/td><\/tr><tr><td class=\"has-text-align-left\" data-align=\"left\">30. <a href=\"https:\/\/www.ausrosgimnazija.kalveliai.vilniausr.lm.lt\/wp-content\/uploads\/2022\/10\/Vilniaus-r.-Kalveliu-Ausros-gimnazijos-pagalbos-mokinio-savirupai-pagal-gydytoju-rekomendacijas-uztikrinimo.pdf\">Vilniaus r. Kalveli\u0173 &#8222;Au\u0161ros&#8221; gimnazijos pagalbos mokinio savir\u016bpai pagal gydytoj\u0173 rekomendacijas u\u017etikrinimo (vaist\u0173 laikymo, i\u0161davimo, naudojimo ir kt.), jeigu mokinys serga l\u0117tine neinfekcine liga, tvarkos apra\u0161as<\/a><\/td><\/tr><tr><td class=\"has-text-align-left\" data-align=\"left\">31. <a href=\"https:\/\/www.ausrosgimnazija.kalveliai.vilniausr.lm.lt\/wp-content\/uploads\/2022\/10\/Vilniaus-r.-Kalveliu-Ausros-gimnazijos-darbuotoju-veiksmu-mokiniui-susirgus-ar-patyrus-trauma-mokykloje-i.pdf\">Vilniaus r. Kalveli\u0173 &#8222;Au\u0161ros&#8221; gimnazijos darbuotoj\u0173 veiksm\u0173 mokiniui susirgus ar patyrus traum\u0105 mokykloje ir teis\u0117t\u0173 mokinio atstov\u0173 informavimo apie mokykloje patirt\u0105 traum\u0105 ar \u016bm\u0173 sveikatos sutrikim\u0105 tvarkos apra\u0161as&nbsp;&nbsp;&nbsp;<\/a><\/td><\/tr><tr><td class=\"has-text-align-left\" data-align=\"left\">32. <a href=\"https:\/\/www.ausrosgimnazija.kalveliai.vilniausr.lm.lt\/wp-content\/uploads\/2022\/10\/Vilniaus-r.-Kalveliu-Ausros-gimnazijos-mokiniu-apziuros-del-asmens-higienos-tvarkos-aprasas.pdf\">Vilniaus r. Kalveli\u0173 &#8222;Au\u0161ros&#8221; gimnazijos mokini\u0173 ap\u017ei\u016bros d\u0117l asmens higienos tvarkos apra\u0161as<\/a>&nbsp;<\/td><\/tr><tr><td class=\"has-text-align-left\" data-align=\"left\">33. <a href=\"http:\/\/www.ausrosgimnazija.kalveliai.vilniausr.lm.lt\/wp-content\/uploads\/2022\/10\/NAUDOJIMOSI-VILNIAUS-R.-KALVELIU-AUSROS-GIMNAZIJOS-BIBLIOTEKA-TAISYKLES.pdf\">Naudojimosi Vilniaus r. Kalveli\u0173 &#8222;Au\u0161ros&#8221; gimnazijos biblioteka taisykl\u0117s<\/a><\/td><\/tr><tr><td class=\"has-text-align-left\" data-align=\"left\">34.<a href=\"http:\/\/www.ausrosgimnazija.kalveliai.vilniausr.lm.lt\/wp-content\/uploads\/2022\/10\/VILNIAUS-R.-KALVELIU-\u201eAUSROS-GIMNAZIJOS-MOKINIU-APSKAITOS-TVARKOS-APRASAS.pdf\">Vilniaus r. Kalveli\u0173 \u201eAu\u0161ros\u201c gimnazijos mokini\u0173 apskaitos tvarkos apra\u0161as<\/a><\/td><\/tr><tr><td class=\"has-text-align-left\" data-align=\"left\">35.<a href=\"https:\/\/www.ausros.vilniausr.lm.lt\/wp-content\/uploads\/2025\/10\/VGK.pdf\">Vilniaus r. Kalveli\u0173 \u201eAu\u0161ros\u201c gimnazijos vaiko gerov\u0117s Komisijos funkcij\u0173 sudarymo ir jos darbo organizavimo tvarkos apra\u0161as<\/a><\/td><\/tr><tr><td class=\"has-text-align-left\" data-align=\"left\">36.<a href=\"https:\/\/www.ausrosgimnazija.kalveliai.vilniausr.lm.lt\/wp-content\/uploads\/2025\/03\/DOVANU-PRIEMIMO-GAVIMO-TEIKIMO-IR-ELGESIO-SU-JOMIS-TVARKOS-APRASAS-1.pdf\">Vilniaus r. Kalveli\u0173 \u201eAu\u0161ros\u201c gimnazijos dovan\u0173 pri\u0117mimo, gavimo, teikimo ir elgesio su jomis tvarkos apra\u0161as<\/a><\/td><\/tr><tr><td class=\"has-text-align-left\" data-align=\"left\">37.<a href=\"https:\/\/www.ausrosgimnazija.kalveliai.vilniausr.lm.lt\/wp-content\/uploads\/2025\/03\/TVARKA-Ugdymas-ne-gimnazijoje.pdf\">Vilniaus r. Kalveli\u0173 \u201eAu\u0161ros\u201c gimnazijos ugdymo proceso organizavimo ne gimnazijos aplinkoje tvarkos apra\u0161as<\/a><\/td><\/tr><tr><td class=\"has-text-align-left\" data-align=\"left\">38. <a href=\"https:\/\/www.ausros.vilniausr.lm.lt\/wp-content\/uploads\/2025\/09\/MOKINIU-ASMENINIU-MOBILIUJU-TELEFONU-IR-KITU-INFORMACINIU-TECHNOLOGIJU-IRENGINIU-NAUDOJIMO-TVARKOS-APRASAS.pdf\">Vilniaus r. Kalveli\u0173 \u201eAu\u0161ros\u201c gimnazijos mokini\u0173 asmenini\u0173 mobili\u0173j\u0173 telefon\u0173 ir kit\u0173 informacini\u0173 technologij\u0173 \u012frengini\u0173 naudojimo tvarkos apra\u0161as<\/a><\/td><\/tr><tr><td class=\"has-text-align-left\" data-align=\"left\">39.<a href=\"https:\/\/www.ausros.vilniausr.lm.lt\/wp-content\/uploads\/2025\/10\/Vilniaus-r.-Kalveliu-Ausros-gimnazijosmokiniu-mokymosi-kruviu-reguliavimo-tvarka.pdf\">Vilniaus r. Kalveli\u0173 \u201eAu\u0161ros\u201c gimnazijos mokini\u0173 mokymosi kr\u016bvi\u0173 reguliavimo tvarka<\/a><\/td><\/tr><tr><td class=\"has-text-align-left\" data-align=\"left\">40.<a href=\"https:\/\/www.ausros.vilniausr.lm.lt\/wp-content\/uploads\/2026\/01\/VILNIAUS-R.-KALVELIU-AUSROS\u2018\u2018-GIMNAZIJOS-KORUPCIJOS-PREVENCIJOS-PROGRAMA-.pdf\">Vilniaus r. Kalveli\u0173 ,,Au\u0161ros\u2018\u2018 gimnazijos korupcijos prevencijos programa<\/a><\/td><\/tr><\/tbody><\/table><\/figure>\n\n\n\n<p>Atnaujinta: 2026-01-20<\/p>\n","protected":false},"excerpt":{"rendered":"<p>1. Vilniaus r. Kalveli\u0173 &#8222;Au\u0161ros&#8221; gimnazijos vidaus darbo tvarkos taisykl\u0117s 2. Vilniaus r. Kalveli\u0173 &#8222;Au\u0161ros&#8221; gimnazijos asmen\u0173 aptarnavimo ir j\u0173 pra\u0161ym\u0173 nagrin\u0117jimo tvarkos apra\u0161as 3. Vilniaus r. Kalveli\u0173 &#8222;Au\u0161ros&#8221; gimnazijos pedagog\u0173 etikos kodeksas 4. Vilniaus r. Kalveli\u0173 &#8222;Au\u0161ros&#8221; gimnazijos \u017emoni\u0173 <a href=\"https:\/\/www.ausros.vilniausr.lm.lt\/?page_id=6182\" class=\"read-more\">Daugiau &#8230;<\/a><\/p>\n","protected":false},"author":3,"featured_media":0,"parent":0,"menu_order":0,"comment_status":"closed","ping_status":"closed","template":"","meta":{"footnotes":""},"class_list":["post-6182","page","type-page","status-publish","hentry"],"_links":{"self":[{"href":"https:\/\/www.ausros.vilniausr.lm.lt\/index.php?rest_route=\/wp\/v2\/pages\/6182","targetHints":{"allow":["GET"]}}],"collection":[{"href":"https:\/\/www.ausros.vilniausr.lm.lt\/index.php?rest_route=\/wp\/v2\/pages"}],"about":[{"href":"https:\/\/www.ausros.vilniausr.lm.lt\/index.php?rest_route=\/wp\/v2\/types\/page"}],"author":[{"embeddable":true,"href":"https:\/\/www.ausros.vilniausr.lm.lt\/index.php?rest_route=\/wp\/v2\/users\/3"}],"replies":[{"embeddable":true,"href":"https:\/\/www.ausros.vilniausr.lm.lt\/index.php?rest_route=%2Fwp%2Fv2%2Fcomments&post=6182"}],"version-history":[{"count":110,"href":"https:\/\/www.ausros.vilniausr.lm.lt\/index.php?rest_route=\/wp\/v2\/pages\/6182\/revisions"}],"predecessor-version":[{"id":13503,"href":"https:\/\/www.ausros.vilniausr.lm.lt\/index.php?rest_route=\/wp\/v2\/pages\/6182\/revisions\/13503"}],"wp:attachment":[{"href":"https:\/\/www.ausros.vilniausr.lm.lt\/index.php?rest_route=%2Fwp%2Fv2%2Fmedia&parent=6182"}],"curies":[{"name":"wp","href":"https:\/\/api.w.org\/{rel}","templated":true}]}}